CRAN Package Check Results for Package convevol

Last updated on 2022-12-05 07:53:37 CET.

Flavor Version Tinstall Tcheck Ttotal Status Flags
r-devel-linux-x86_64-debian-clang 1.3 10.98 103.93 114.91 NOTE
r-devel-linux-x86_64-debian-gcc 1.3 8.84 76.78 85.62 NOTE
r-devel-linux-x86_64-fedora-clang 1.3 160.57 NOTE
r-devel-linux-x86_64-fedora-gcc 1.3 145.46 NOTE
r-devel-windows-x86_64 1.3 17.00 124.00 141.00 NOTE
r-patched-linux-x86_64 1.3 9.63 96.60 106.23 NOTE
r-release-linux-x86_64 1.3 10.28 98.25 108.53 NOTE
r-release-macos-arm64 1.3 38.00 NOTE
r-release-macos-x86_64 1.3 71.00 NOTE
r-release-windows-x86_64 1.3 20.00 127.00 147.00 NOTE
r-oldrel-macos-arm64 1.3 45.00 NOTE
r-oldrel-macos-x86_64 1.3 78.00 NOTE
r-oldrel-windows-ix86+x86_64 1.3 26.00 120.00 146.00 NOTE

Check Details

Version: 1.3
Check: LazyData
Result: NOTE
     'LazyData' is specified without a 'data' directory
Flavors: r-devel-linux-x86_64-debian-clang, r-devel-linux-x86_64-debian-gcc, r-devel-linux-x86_64-fedora-clang, r-devel-linux-x86_64-fedora-gcc, r-devel-windows-x86_64, r-patched-linux-x86_64, r-release-linux-x86_64, r-release-macos-arm64, r-release-macos-x86_64, r-release-windows-x86_64, r-oldrel-macos-arm64, r-oldrel-macos-x86_64, r-oldrel-windows-ix86+x86_64