Last updated on 2023-02-04 19:58:04 CET.
Flavor | Version | Tinstall | Tcheck | Ttotal | Status | Flags |
---|---|---|---|---|---|---|
r-devel-linux-x86_64-debian-clang | 0.2.2 | 5.66 | 50.14 | 55.80 | OK | |
r-devel-linux-x86_64-debian-gcc | 0.2.2 | 4.63 | 37.34 | 41.97 | OK | |
r-devel-linux-x86_64-fedora-clang | 0.2.2 | 82.77 | NOTE | |||
r-devel-linux-x86_64-fedora-gcc | 0.2.2 | 85.04 | NOTE | |||
r-devel-windows-x86_64 | 0.2.2 | 45.00 | 219.00 | 264.00 | OK | |
r-patched-linux-x86_64 | 0.2.2 | 5.87 | 49.77 | 55.64 | OK | |
r-release-linux-x86_64 | 0.2.2 | 5.92 | 48.86 | 54.78 | OK | |
r-release-macos-arm64 | 0.2.2 | 30.00 | NOTE | |||
r-release-macos-x86_64 | 0.2.2 | 55.00 | NOTE | |||
r-release-windows-x86_64 | 0.2.2 | 24.00 | 228.00 | 252.00 | OK | |
r-oldrel-macos-arm64 | 0.2.2 | 28.00 | NOTE | |||
r-oldrel-macos-x86_64 | 0.2.2 | 37.00 | NOTE | |||
r-oldrel-windows-ix86+x86_64 | 0.2.2 | 14.00 | 109.00 | 123.00 | OK |
Version: 0.2.2
Check: data for non-ASCII characters
Result: NOTE
Note: found 3 marked UTF-8 strings
Flavors: r-devel-linux-x86_64-fedora-clang, r-devel-linux-x86_64-fedora-gcc, r-release-macos-arm64, r-release-macos-x86_64, r-oldrel-macos-arm64, r-oldrel-macos-x86_64