Last updated on 2023-03-28 08:54:46 CEST.
Flavor | Version | Tinstall | Tcheck | Ttotal | Status | Flags |
---|---|---|---|---|---|---|
r-devel-linux-x86_64-debian-clang | 1.0.4 | 6.28 | 59.88 | 66.16 | OK | |
r-devel-linux-x86_64-debian-gcc | 1.0.4 | 5.62 | 44.24 | 49.86 | OK | |
r-devel-linux-x86_64-fedora-clang | 1.0.4 | 82.62 | NOTE | |||
r-devel-linux-x86_64-fedora-gcc | 1.0.4 | 77.88 | NOTE | |||
r-patched-linux-x86_64 | 1.0.4 | 6.38 | 56.25 | 62.63 | OK | |
r-release-linux-x86_64 | 1.0.4 | 5.46 | 58.77 | 64.23 | OK | |
r-release-macos-arm64 | 1.0.4 | 29.00 | NOTE | |||
r-release-macos-x86_64 | 1.0.4 | 67.00 | NOTE | |||
r-release-windows-x86_64 | 1.0.4 | 18.00 | 91.00 | 109.00 | OK | |
r-oldrel-macos-arm64 | 1.0.4 | 30.00 | NOTE | |||
r-oldrel-macos-x86_64 | 1.0.4 | 38.00 | NOTE | |||
r-oldrel-windows-ix86+x86_64 | 1.0.4 | 20.00 | 85.00 | 105.00 | OK |
Version: 1.0.4
Check: dependencies in R code
Result: NOTE
Namespaces in Imports field not imported from:
‘scales’ ‘sna’
All declared Imports should be used.
Flavors: r-devel-linux-x86_64-fedora-clang, r-devel-linux-x86_64-fedora-gcc, r-release-macos-arm64, r-release-macos-x86_64, r-oldrel-macos-arm64, r-oldrel-macos-x86_64
Version: 1.0.4
Check: data for non-ASCII characters
Result: NOTE
Note: found 244 marked UTF-8 strings
Flavors: r-devel-linux-x86_64-fedora-clang, r-devel-linux-x86_64-fedora-gcc, r-release-macos-arm64, r-release-macos-x86_64, r-oldrel-macos-arm64, r-oldrel-macos-x86_64