CRAN Package Check Results for Package conjoint

Last updated on 2022-12-07 19:52:58 CET.

Flavor Version Tinstall Tcheck Ttotal Status Flags
r-devel-linux-x86_64-debian-clang 1.41 11.86 147.19 159.05 NOTE
r-devel-linux-x86_64-debian-gcc 1.41 10.27 105.93 116.20 NOTE
r-devel-linux-x86_64-fedora-clang 1.41 214.84 NOTE
r-devel-linux-x86_64-fedora-gcc 1.41 197.51 NOTE
r-devel-windows-x86_64 1.41 33.00 188.00 221.00 OK
r-patched-linux-x86_64 1.41 11.30 137.89 149.19 NOTE
r-release-linux-x86_64 1.41 8.92 136.05 144.97 NOTE
r-release-macos-arm64 1.41 48.00 OK
r-release-macos-x86_64 1.41 109.00 OK
r-release-windows-x86_64 1.41 33.00 180.00 213.00 OK
r-oldrel-macos-arm64 1.41 58.00 OK
r-oldrel-macos-x86_64 1.41 80.00 OK
r-oldrel-windows-ix86+x86_64 1.41 30.00 169.00 199.00 OK

Check Details

Version: 1.41
Check: for non-standard things in the check directory
Result: NOTE
    Found the following files/directories:
     'design_names.csv' 'design_numbers.csv'
     'encoded_orthogonal_factorial_design.csv'
     'orthogonal_factorial_design.csv'
Flavors: r-devel-linux-x86_64-debian-clang, r-devel-linux-x86_64-debian-gcc, r-devel-linux-x86_64-fedora-clang, r-devel-linux-x86_64-fedora-gcc, r-patched-linux-x86_64, r-release-linux-x86_64