CRAN Package Check Results for Package conflr

Last updated on 2022-12-03 07:56:32 CET.

Flavor Version Tinstall Tcheck Ttotal Status Flags
r-devel-linux-x86_64-debian-clang 0.1.1 4.87 35.48 40.35 NOTE
r-devel-linux-x86_64-debian-gcc 0.1.1 3.04 27.99 31.03 NOTE
r-devel-linux-x86_64-fedora-clang 0.1.1 65.27 NOTE
r-devel-linux-x86_64-fedora-gcc 0.1.1 91.53 NOTE
r-devel-windows-x86_64 0.1.1 22.00 70.00 92.00 NOTE
r-patched-linux-x86_64 0.1.1 3.68 33.80 37.48 NOTE
r-release-linux-x86_64 0.1.1 3.92 33.52 37.44 NOTE
r-release-macos-arm64 0.1.1 47.00 NOTE
r-release-macos-x86_64 0.1.1 71.00 NOTE
r-release-windows-x86_64 0.1.1 23.00 70.00 93.00 NOTE
r-oldrel-macos-arm64 0.1.1 25.00 NOTE
r-oldrel-macos-x86_64 0.1.1 38.00 NOTE
r-oldrel-windows-ix86+x86_64 0.1.1 11.00 66.00 77.00 NOTE

Check Details

Version: 0.1.1
Check: LazyData
Result: NOTE
     'LazyData' is specified without a 'data' directory
Flavors: r-devel-linux-x86_64-debian-clang, r-devel-linux-x86_64-debian-gcc, r-devel-linux-x86_64-fedora-clang, r-devel-linux-x86_64-fedora-gcc, r-devel-windows-x86_64, r-patched-linux-x86_64, r-release-linux-x86_64, r-release-macos-arm64, r-release-macos-x86_64, r-release-windows-x86_64, r-oldrel-macos-arm64, r-oldrel-macos-x86_64, r-oldrel-windows-ix86+x86_64

Version: 0.1.1
Check: dependencies in R code
Result: NOTE
    Namespace in Imports field not imported from: ‘R6’
     All declared Imports should be used.
Flavors: r-devel-linux-x86_64-fedora-clang, r-devel-linux-x86_64-fedora-gcc, r-release-macos-arm64, r-release-macos-x86_64, r-oldrel-macos-arm64, r-oldrel-macos-x86_64