CRAN Package Check Results for Package condusco

Last updated on 2022-11-16 08:02:48 CET.

Flavor Version Tinstall Tcheck Ttotal Status Flags
r-devel-linux-x86_64-debian-clang 0.1.0 NOTE
r-devel-linux-x86_64-debian-gcc 0.1.0 4.53 59.56 64.09 NOTE
r-devel-linux-x86_64-fedora-clang 0.1.0 115.61 NOTE
r-devel-linux-x86_64-fedora-gcc 0.1.0 116.04 NOTE
r-devel-windows-x86_64 0.1.0 18.00 105.00 123.00 NOTE
r-patched-linux-x86_64 0.1.0 4.53 74.52 79.05 NOTE
r-release-linux-x86_64 0.1.0 6.89 73.61 80.50 NOTE
r-release-macos-arm64 0.1.0 24.00 NOTE
r-release-macos-x86_64 0.1.0 46.00 NOTE
r-release-windows-x86_64 0.1.0 17.00 106.00 123.00 NOTE
r-oldrel-macos-arm64 0.1.0 35.00 NOTE
r-oldrel-macos-x86_64 0.1.0 44.00 NOTE
r-oldrel-windows-ix86+x86_64 0.1.0 18.00 102.00 120.00 NOTE

Check Details

Version: 0.1.0
Check: LazyData
Result: NOTE
     'LazyData' is specified without a 'data' directory
Flavors: r-devel-linux-x86_64-debian-clang, r-devel-linux-x86_64-debian-gcc, r-devel-linux-x86_64-fedora-clang, r-devel-linux-x86_64-fedora-gcc, r-devel-windows-x86_64, r-patched-linux-x86_64, r-release-linux-x86_64, r-release-macos-arm64, r-release-macos-x86_64, r-release-windows-x86_64, r-oldrel-macos-arm64, r-oldrel-macos-x86_64, r-oldrel-windows-ix86+x86_64