CRAN Package Check Results for Package cometr

Last updated on 2022-12-06 07:54:11 CET.

Flavor Version Tinstall Tcheck Ttotal Status Flags
r-devel-linux-x86_64-debian-clang 0.2.0 4.02 29.20 33.22 NOTE
r-devel-linux-x86_64-debian-gcc 0.2.0 2.82 22.64 25.46 NOTE
r-devel-linux-x86_64-fedora-clang 0.2.0 55.31 NOTE
r-devel-linux-x86_64-fedora-gcc 0.2.0 49.81 NOTE
r-devel-windows-x86_64 0.2.0 29.00 56.00 85.00 NOTE
r-patched-linux-x86_64 0.2.0 3.13 26.90 30.03 NOTE
r-release-linux-x86_64 0.2.0 3.77 27.10 30.87 NOTE
r-release-macos-arm64 0.2.0 14.00 NOTE
r-release-macos-x86_64 0.2.0 23.00 NOTE
r-release-windows-x86_64 0.2.0 36.00 54.00 90.00 NOTE
r-oldrel-macos-arm64 0.2.0 19.00 NOTE
r-oldrel-macos-x86_64 0.2.0 24.00 NOTE
r-oldrel-windows-ix86+x86_64 0.2.0 8.00 52.00 60.00 NOTE

Check Details

Version: 0.2.0
Check: LazyData
Result: NOTE
     'LazyData' is specified without a 'data' directory
Flavors: r-devel-linux-x86_64-debian-clang, r-devel-linux-x86_64-debian-gcc, r-devel-linux-x86_64-fedora-clang, r-devel-linux-x86_64-fedora-gcc, r-devel-windows-x86_64, r-patched-linux-x86_64, r-release-linux-x86_64, r-release-macos-arm64, r-release-macos-x86_64, r-release-windows-x86_64, r-oldrel-macos-arm64, r-oldrel-macos-x86_64, r-oldrel-windows-ix86+x86_64

Version: 0.2.0
Check: dependencies in R code
Result: NOTE
    Namespace in Imports field not imported from: ‘R6’
     All declared Imports should be used.
Flavors: r-devel-linux-x86_64-fedora-clang, r-devel-linux-x86_64-fedora-gcc, r-release-macos-arm64, r-release-macos-x86_64, r-oldrel-macos-arm64, r-oldrel-macos-x86_64