Last updated on 2023-03-28 08:54:46 CEST.
Flavor | Version | Tinstall | Tcheck | Ttotal | Status | Flags |
---|---|---|---|---|---|---|
r-devel-linux-x86_64-debian-clang | 0.1.2 | 5.45 | 58.87 | 64.32 | OK | |
r-devel-linux-x86_64-debian-gcc | 0.1.2 | 4.02 | 45.42 | 49.44 | OK | |
r-devel-linux-x86_64-fedora-clang | 0.1.2 | 79.95 | NOTE | |||
r-devel-linux-x86_64-fedora-gcc | 0.1.2 | 86.88 | NOTE | |||
r-devel-windows-x86_64 | 0.1.2 | 55.00 | 98.00 | 153.00 | OK | |
r-patched-linux-x86_64 | 0.1.2 | 7.92 | 56.45 | 64.37 | OK | |
r-release-linux-x86_64 | 0.1.2 | 5.18 | 55.96 | 61.14 | OK | |
r-release-macos-arm64 | 0.1.2 | 27.00 | NOTE | |||
r-release-macos-x86_64 | 0.1.2 | 53.00 | NOTE | |||
r-release-windows-x86_64 | 0.1.2 | 9.00 | 96.00 | 105.00 | OK | |
r-oldrel-macos-arm64 | 0.1.2 | 40.00 | NOTE | |||
r-oldrel-macos-x86_64 | 0.1.2 | 50.00 | NOTE | |||
r-oldrel-windows-ix86+x86_64 | 0.1.2 | 13.00 | 87.00 | 100.00 | OK |
Version: 0.1.2
Check: dependencies in R code
Result: NOTE
Namespaces in Imports field not imported from:
‘grid’ ‘gridExtra’
All declared Imports should be used.
Flavors: r-devel-linux-x86_64-fedora-clang, r-devel-linux-x86_64-fedora-gcc, r-release-macos-arm64, r-release-macos-x86_64, r-oldrel-macos-arm64, r-oldrel-macos-x86_64