Last updated on 2023-04-01 08:55:37 CEST.
Flavor | Version | Tinstall | Tcheck | Ttotal | Status | Flags |
---|---|---|---|---|---|---|
r-devel-linux-x86_64-debian-clang | 1.1.0 | 54.41 | 267.21 | 321.62 | NOTE | |
r-devel-linux-x86_64-debian-gcc | 1.1.0 | 41.33 | 190.84 | 232.17 | NOTE | |
r-devel-linux-x86_64-fedora-clang | 1.1.0 | 395.11 | NOTE | |||
r-devel-linux-x86_64-fedora-gcc | 1.1.0 | 377.15 | NOTE | |||
r-devel-windows-x86_64 | 1.1.0 | 51.00 | 327.00 | 378.00 | NOTE | |
r-patched-linux-x86_64 | 1.1.0 | 44.00 | 238.73 | 282.73 | NOTE | |
r-release-linux-x86_64 | 1.1.0 | 41.95 | 245.28 | 287.23 | NOTE | |
r-release-macos-arm64 | 1.1.0 | 142.00 | NOTE | |||
r-release-macos-x86_64 | 1.1.0 | 160.00 | NOTE | |||
r-release-windows-x86_64 | 1.1.0 | 58.00 | 346.00 | 404.00 | NOTE | |
r-oldrel-macos-arm64 | 1.1.0 | 163.00 | NOTE | |||
r-oldrel-macos-x86_64 | 1.1.0 | 245.00 | NOTE | |||
r-oldrel-windows-ix86+x86_64 | 1.1.0 | 123.00 | 375.00 | 498.00 | NOTE |
Version: 1.1.0
Check: LazyData
Result: NOTE
'LazyData' is specified without a 'data' directory
Flavors: r-devel-linux-x86_64-debian-clang, r-devel-linux-x86_64-debian-gcc, r-devel-linux-x86_64-fedora-clang, r-devel-linux-x86_64-fedora-gcc, r-devel-windows-x86_64, r-patched-linux-x86_64, r-release-linux-x86_64, r-release-macos-arm64, r-release-macos-x86_64, r-release-windows-x86_64, r-oldrel-macos-arm64, r-oldrel-macos-x86_64, r-oldrel-windows-ix86+x86_64