CRAN Package Check Results for Package cmmr

Last updated on 2022-12-05 07:53:37 CET.

Flavor Version Tinstall Tcheck Ttotal Status Flags
r-devel-linux-x86_64-debian-clang 0.1.2 2.14 26.12 28.26 NOTE
r-devel-linux-x86_64-debian-gcc 0.1.2 1.82 19.45 21.27 NOTE
r-devel-linux-x86_64-fedora-clang 0.1.2 47.93 NOTE
r-devel-linux-x86_64-fedora-gcc 0.1.2 42.97 NOTE
r-devel-windows-x86_64 0.1.2 10.00 562.00 572.00 NOTE
r-patched-linux-x86_64 0.1.2 1.60 23.49 25.09 NOTE
r-release-linux-x86_64 0.1.2 1.80 24.20 26.00 NOTE
r-release-macos-arm64 0.1.2 17.00 NOTE
r-release-macos-x86_64 0.1.2 25.00 NOTE
r-release-windows-x86_64 0.1.2 10.00 562.00 572.00 NOTE
r-oldrel-macos-arm64 0.1.2 25.00 NOTE
r-oldrel-macos-x86_64 0.1.2 328.00 NOTE
r-oldrel-windows-ix86+x86_64 0.1.2 6.00 55.00 61.00 NOTE

Check Details

Version: 0.1.2
Check: LazyData
Result: NOTE
     'LazyData' is specified without a 'data' directory
Flavors: r-devel-linux-x86_64-debian-clang, r-devel-linux-x86_64-debian-gcc, r-devel-linux-x86_64-fedora-clang, r-devel-linux-x86_64-fedora-gcc, r-devel-windows-x86_64, r-patched-linux-x86_64, r-release-linux-x86_64, r-release-macos-arm64, r-release-macos-x86_64, r-release-windows-x86_64, r-oldrel-macos-arm64, r-oldrel-macos-x86_64, r-oldrel-windows-ix86+x86_64