CRAN Package Check Results for Package clustvarsel

Last updated on 2022-12-03 07:56:32 CET.

Flavor Version Tinstall Tcheck Ttotal Status Flags
r-devel-linux-x86_64-debian-clang 2.3.4 11.39 94.86 106.25 NOTE
r-devel-linux-x86_64-debian-gcc 2.3.4 8.26 73.08 81.34 NOTE
r-devel-linux-x86_64-fedora-clang 2.3.4 149.86 NOTE
r-devel-linux-x86_64-fedora-gcc 2.3.4 163.07 NOTE
r-devel-windows-x86_64 2.3.4 15.00 124.00 139.00 NOTE --no-vignettes
r-patched-linux-x86_64 2.3.4 12.60 92.34 104.94 NOTE
r-release-linux-x86_64 2.3.4 11.89 95.92 107.81 NOTE
r-release-macos-arm64 2.3.4 36.00 NOTE
r-release-macos-x86_64 2.3.4 54.00 NOTE
r-release-windows-x86_64 2.3.4 19.00 146.00 165.00 NOTE --no-vignettes
r-oldrel-macos-arm64 2.3.4 45.00 NOTE
r-oldrel-macos-x86_64 2.3.4 75.00 NOTE
r-oldrel-windows-ix86+x86_64 2.3.4 22.00 128.00 150.00 NOTE --no-vignettes

Check Details

Version: 2.3.4
Check: LazyData
Result: NOTE
     'LazyData' is specified without a 'data' directory
Flavors: r-devel-linux-x86_64-debian-clang, r-devel-linux-x86_64-debian-gcc, r-devel-linux-x86_64-fedora-clang, r-devel-linux-x86_64-fedora-gcc, r-patched-linux-x86_64, r-release-linux-x86_64, r-release-macos-arm64, r-release-macos-x86_64, r-oldrel-macos-arm64, r-oldrel-macos-x86_64

Version: 2.3.4
Flags: --no-vignettes
Check: LazyData
Result: NOTE
     'LazyData' is specified without a 'data' directory
Flavors: r-devel-windows-x86_64, r-release-windows-x86_64, r-oldrel-windows-ix86+x86_64