Last updated on 2023-03-28 20:51:46 CEST.
Flavor | Version | Tinstall | Tcheck | Ttotal | Status | Flags |
---|---|---|---|---|---|---|
r-devel-linux-x86_64-debian-clang | 1.2.1 | 8.80 | 63.76 | 72.56 | NOTE | |
r-devel-linux-x86_64-debian-gcc | 1.2.1 | 6.03 | 47.54 | 53.57 | NOTE | |
r-devel-linux-x86_64-fedora-clang | 1.2.1 | 89.39 | NOTE | |||
r-devel-linux-x86_64-fedora-gcc | 1.2.1 | 90.45 | NOTE | |||
r-patched-linux-x86_64 | 1.2.1 | 7.46 | 60.29 | 67.75 | NOTE | |
r-release-linux-x86_64 | 1.2.1 | 8.21 | 58.59 | 66.80 | OK | |
r-release-macos-arm64 | 1.2.1 | 27.00 | OK | |||
r-release-macos-x86_64 | 1.2.1 | 50.00 | OK | |||
r-release-windows-x86_64 | 1.2.1 | 23.00 | 87.00 | 110.00 | OK | |
r-oldrel-macos-arm64 | 1.2.1 | 33.00 | OK | |||
r-oldrel-macos-x86_64 | 1.2.1 | 53.00 | OK | |||
r-oldrel-windows-ix86+x86_64 | 1.2.1 | 20.00 | 85.00 | 105.00 | OK |
Version: 1.2.1
Check: Rd files
Result: NOTE
checkRd: (-1) dtmvnom.Rd:30: Escaped LaTeX specials: \&
Flavors: r-devel-linux-x86_64-debian-clang, r-devel-linux-x86_64-debian-gcc, r-devel-linux-x86_64-fedora-clang, r-devel-linux-x86_64-fedora-gcc, r-patched-linux-x86_64