CRAN Package Check Results for Package cld3

Last updated on 2022-09-27 08:53:12 CEST.

Flavor Version Tinstall Tcheck Ttotal Status Flags
r-devel-linux-x86_64-debian-clang 1.4.2 67.27 27.24 94.51 OK
r-devel-linux-x86_64-debian-gcc 1.4.2 51.64 21.67 73.31 OK
r-devel-linux-x86_64-fedora-clang 1.4.2 195.95 WARN
r-devel-linux-x86_64-fedora-gcc 1.4.2 141.87 OK
r-devel-windows-x86_64 1.4.2 103.00 79.00 182.00 OK
r-patched-linux-x86_64 1.4.2 58.23 27.12 85.35 OK
r-release-linux-x86_64 1.4.2 53.91 26.85 80.76 OK
r-release-macos-arm64 1.4.2 37.00 NOTE
r-release-macos-x86_64 1.4.2 53.00 NOTE
r-release-windows-x86_64 1.4.2 126.00 82.00 208.00 OK
r-oldrel-macos-arm64 1.4.2 47.00 NOTE
r-oldrel-macos-x86_64 1.4.2 51.00 NOTE
r-oldrel-windows-ix86+x86_64 1.4.2 169.00 78.00 247.00 OK

Additional issues

clang15 clang15

Check Details

Version: 1.4.2
Check: whether package can be installed
Result: WARN
    Found the following significant warnings:
     ./libcld3/script_span/getonescriptspan.h:36:15: warning: anonymous non-C-compatible type given name for linkage purposes by typedef declaration; add a tag name here [-Wnon-c-typedef-for-linkage]
     libcld3/script_span/getonescriptspan.h:36:15: warning: anonymous non-C-compatible type given name for linkage purposes by typedef declaration; add a tag name here [-Wnon-c-typedef-for-linkage]
Flavor: r-devel-linux-x86_64-fedora-clang

Version: 1.4.2
Check: installed package size
Result: NOTE
     installed size is 6.8Mb
     sub-directories of 1Mb or more:
     libs 6.8Mb
Flavors: r-release-macos-arm64, r-release-macos-x86_64, r-oldrel-macos-arm64, r-oldrel-macos-x86_64