Last updated on 2023-10-02 20:11:55 CEST.
Flavor | Version | Tinstall | Tcheck | Ttotal | Status | Flags |
---|---|---|---|---|---|---|
r-devel-linux-x86_64-debian-clang | 1.6.0 | 81.32 | 26.80 | 108.12 | OK | |
r-devel-linux-x86_64-debian-gcc | 1.6.0 | 54.90 | 21.35 | 76.25 | OK | |
r-devel-linux-x86_64-fedora-clang | 1.6.0 | 198.46 | OK | |||
r-devel-linux-x86_64-fedora-gcc | 1.6.0 | 162.11 | OK | |||
r-devel-windows-x86_64 | 1.6.0 | 62.00 | 70.00 | 132.00 | OK | |
r-patched-linux-x86_64 | 1.6.0 | 82.66 | 26.51 | 109.17 | OK | |
r-release-linux-x86_64 | 1.6.0 | 79.81 | 26.53 | 106.34 | OK | |
r-release-macos-arm64 | 1.6.0 | 102.00 | NOTE | |||
r-release-macos-x86_64 | 1.6.0 | 58.00 | NOTE | |||
r-release-windows-x86_64 | 1.6.0 | 62.00 | 75.00 | 137.00 | OK | |
r-oldrel-macos-arm64 | 1.6.0 | 44.00 | NOTE | |||
r-oldrel-macos-x86_64 | 1.6.0 | 125.00 | NOTE | |||
r-oldrel-windows-x86_64 | 1.6.0 | 86.00 | 73.00 | 159.00 | OK |
Version: 1.6.0
Check: installed package size
Result: NOTE
installed size is 9.3Mb
sub-directories of 1Mb or more:
libs 9.3Mb
Flavors: r-release-macos-arm64, r-release-macos-x86_64, r-oldrel-macos-arm64, r-oldrel-macos-x86_64