Last updated on 2023-03-25 07:59:29 CET.
Flavor | Version | Tinstall | Tcheck | Ttotal | Status | Flags |
---|---|---|---|---|---|---|
r-devel-linux-x86_64-debian-clang | 1.2.0 | 14.63 | 138.46 | 153.09 | OK | |
r-devel-linux-x86_64-debian-gcc | 1.2.0 | 11.20 | 102.65 | 113.85 | OK | |
r-devel-linux-x86_64-fedora-clang | 1.2.0 | 200.18 | NOTE | |||
r-devel-linux-x86_64-fedora-gcc | 1.2.0 | 880.07 | NOTE | |||
r-patched-linux-x86_64 | 1.2.0 | 16.06 | 130.15 | 146.21 | OK | |
r-release-linux-x86_64 | 1.2.0 | 14.28 | 127.85 | 142.13 | OK | |
r-release-macos-arm64 | 1.2.0 | 313.00 | NOTE | |||
r-release-macos-x86_64 | 1.2.0 | 519.00 | NOTE | |||
r-release-windows-x86_64 | 1.2.0 | 38.00 | 174.00 | 212.00 | OK | |
r-oldrel-macos-arm64 | 1.2.0 | 322.00 | NOTE | |||
r-oldrel-macos-x86_64 | 1.2.0 | 426.00 | NOTE | |||
r-oldrel-windows-ix86+x86_64 | 1.2.0 | 31.00 | 163.00 | 194.00 | OK |
Version: 1.2.0
Check: data for non-ASCII characters
Result: NOTE
Note: found 9 marked UTF-8 strings
Flavors: r-devel-linux-x86_64-fedora-clang, r-devel-linux-x86_64-fedora-gcc, r-release-macos-arm64, r-release-macos-x86_64, r-oldrel-macos-arm64, r-oldrel-macos-x86_64