Last updated on 2023-04-01 08:55:37 CEST.
Flavor | Version | Tinstall | Tcheck | Ttotal | Status | Flags |
---|---|---|---|---|---|---|
r-devel-linux-x86_64-debian-clang | 2.1.0 | 20.48 | 167.55 | 188.03 | OK | |
r-devel-linux-x86_64-debian-gcc | 2.1.0 | 14.86 | 123.11 | 137.97 | OK | |
r-devel-linux-x86_64-fedora-clang | 2.1.0 | 228.80 | NOTE | |||
r-devel-linux-x86_64-fedora-gcc | 2.1.0 | 213.16 | NOTE | |||
r-devel-windows-x86_64 | 2.1.0 | 22.00 | 0.00 | 22.00 | OK | |
r-patched-linux-x86_64 | 2.1.0 | 18.66 | 153.94 | 172.60 | OK | |
r-release-linux-x86_64 | 2.1.0 | 15.95 | 152.66 | 168.61 | OK | |
r-release-macos-arm64 | 2.1.0 | 60.00 | NOTE | |||
r-release-macos-x86_64 | 2.1.0 | 121.00 | NOTE | |||
r-release-windows-x86_64 | 2.1.0 | 20.00 | 198.00 | 218.00 | OK | |
r-oldrel-macos-arm64 | 2.1.0 | 70.00 | NOTE | |||
r-oldrel-macos-x86_64 | 2.1.0 | 149.00 | NOTE | |||
r-oldrel-windows-ix86+x86_64 | 2.1.0 | 38.00 | 189.00 | 227.00 | OK |
Version: 2.1.0
Check: dependencies in R code
Result: NOTE
Namespace in Imports field not imported from: ‘shinyBS’
All declared Imports should be used.
Flavors: r-devel-linux-x86_64-fedora-clang, r-devel-linux-x86_64-fedora-gcc, r-release-macos-arm64, r-release-macos-x86_64, r-oldrel-macos-arm64, r-oldrel-macos-x86_64
Version: 2.1.0
Check: data for non-ASCII characters
Result: NOTE
Note: found 29 marked UTF-8 strings
Flavors: r-devel-linux-x86_64-fedora-clang, r-devel-linux-x86_64-fedora-gcc, r-release-macos-arm64, r-release-macos-x86_64, r-oldrel-macos-arm64, r-oldrel-macos-x86_64