CRAN Package Check Results for Package civis

Last updated on 2022-12-03 07:56:32 CET.

Flavor Version Tinstall Tcheck Ttotal Status Flags
r-devel-linux-x86_64-debian-clang 3.0.0 32.29 254.51 286.80 NOTE
r-devel-linux-x86_64-debian-gcc 3.0.0 22.67 189.94 212.61 NOTE
r-devel-linux-x86_64-fedora-clang 3.0.0 357.39 NOTE
r-devel-linux-x86_64-fedora-gcc 3.0.0 489.91 NOTE
r-devel-windows-x86_64 3.0.0 338.00 420.00 758.00 NOTE
r-patched-linux-x86_64 3.0.0 43.14 199.31 242.45 NOTE
r-release-linux-x86_64 3.0.0 26.42 193.52 219.94 NOTE
r-release-macos-arm64 3.0.0 101.00 NOTE
r-release-macos-x86_64 3.0.0 155.00 NOTE
r-release-windows-x86_64 3.0.0 331.00 279.00 610.00 NOTE
r-oldrel-macos-arm64 3.0.0 194.00 NOTE
r-oldrel-macos-x86_64 3.0.0 197.00 NOTE
r-oldrel-windows-ix86+x86_64 3.0.0 47.00 223.00 270.00 NOTE

Check Details

Version: 3.0.0
Check: LazyData
Result: NOTE
     'LazyData' is specified without a 'data' directory
Flavors: r-devel-linux-x86_64-debian-clang, r-devel-linux-x86_64-debian-gcc, r-devel-linux-x86_64-fedora-clang, r-devel-linux-x86_64-fedora-gcc, r-devel-windows-x86_64, r-patched-linux-x86_64, r-release-linux-x86_64, r-release-macos-arm64, r-release-macos-x86_64, r-release-windows-x86_64, r-oldrel-macos-arm64, r-oldrel-macos-x86_64, r-oldrel-windows-ix86+x86_64