CRAN Package Check Results for Package citationchaser

Last updated on 2022-11-28 06:50:07 CET.

Flavor Version Tinstall Tcheck Ttotal Status Flags
r-devel-linux-x86_64-debian-clang 0.0.4 14.82 110.27 125.09 OK
r-devel-linux-x86_64-debian-gcc 0.0.4 9.99 82.44 92.43 OK
r-devel-linux-x86_64-fedora-clang 0.0.4 168.85 NOTE
r-devel-linux-x86_64-fedora-gcc 0.0.4 169.16 NOTE
r-devel-windows-x86_64 0.0.4 308.00 128.00 436.00 OK
r-patched-linux-x86_64 0.0.4 13.85 105.66 119.51 OK
r-release-linux-x86_64 0.0.4 13.75 105.26 119.01 OK
r-release-macos-arm64 0.0.4 44.00 NOTE
r-release-macos-x86_64 0.0.4 72.00 NOTE
r-release-windows-x86_64 0.0.4 334.00 135.00 469.00 OK
r-oldrel-macos-arm64 0.0.4 29.00 NOTE
r-oldrel-macos-x86_64 0.0.4 57.00 NOTE
r-oldrel-windows-ix86+x86_64 0.0.4 29.00 127.00 156.00 OK

Check Details

Version: 0.0.4
Check: dependencies in R code
Result: NOTE
    Namespace in Imports field not imported from: ‘networkD3’
     All declared Imports should be used.
Flavors: r-devel-linux-x86_64-fedora-clang, r-devel-linux-x86_64-fedora-gcc, r-release-macos-arm64, r-release-macos-x86_64, r-oldrel-macos-arm64, r-oldrel-macos-x86_64