CRAN Package Check Results for Package choroplethrAdmin1

Last updated on 2022-12-04 19:49:44 CET.

Flavor Version Tinstall Tcheck Ttotal Status Flags
r-devel-linux-x86_64-debian-clang 1.1.1 5.82 59.95 65.77 OK
r-devel-linux-x86_64-debian-gcc 1.1.1 5.42 45.74 51.16 OK
r-devel-linux-x86_64-fedora-clang 1.1.1 96.07 NOTE
r-devel-linux-x86_64-fedora-gcc 1.1.1 93.38 OK
r-devel-windows-x86_64 1.1.1 30.00 92.00 122.00 NOTE
r-patched-linux-x86_64 1.1.1 5.77 56.74 62.51 OK
r-release-linux-x86_64 1.1.1 6.37 57.85 64.22 OK
r-release-macos-arm64 1.1.1 27.00 NOTE
r-release-macos-x86_64 1.1.1 54.00 NOTE
r-release-windows-x86_64 1.1.1 24.00 93.00 117.00 NOTE
r-oldrel-macos-arm64 1.1.1 37.00 NOTE
r-oldrel-macos-x86_64 1.1.1 52.00 NOTE
r-oldrel-windows-ix86+x86_64 1.1.1 16.00 80.00 96.00 NOTE

Check Details

Version: 1.1.1
Check: installed package size
Result: NOTE
     installed size is 18.0Mb
     sub-directories of 1Mb or more:
     data 17.9Mb
Flavors: r-devel-linux-x86_64-fedora-clang, r-devel-windows-x86_64, r-release-macos-arm64, r-release-macos-x86_64, r-release-windows-x86_64, r-oldrel-macos-arm64, r-oldrel-macos-x86_64, r-oldrel-windows-ix86+x86_64