CRAN Package Check Results for Package chickn

Last updated on 2022-11-28 06:50:07 CET.

Flavor Version Tinstall Tcheck Ttotal Status Flags
r-devel-linux-x86_64-debian-clang 1.2.3 87.27 75.32 162.59 WARN
r-devel-linux-x86_64-debian-gcc 1.2.3 66.76 55.69 122.45 OK
r-devel-linux-x86_64-fedora-clang 1.2.3 247.62 WARN
r-devel-linux-x86_64-fedora-gcc 1.2.3 226.35 OK
r-devel-windows-x86_64 1.2.3 102.00 125.00 227.00 OK
r-patched-linux-x86_64 1.2.3 75.91 67.91 143.82 OK
r-release-linux-x86_64 1.2.3 68.40 67.46 135.86 OK
r-release-macos-arm64 1.2.3 51.00 OK
r-release-macos-x86_64 1.2.3 98.00 OK
r-release-windows-x86_64 1.2.3 85.00 131.00 216.00 OK
r-oldrel-macos-arm64 1.2.3 60.00 OK
r-oldrel-macos-x86_64 1.2.3 108.00 OK
r-oldrel-windows-ix86+x86_64 1.2.3 201.00 141.00 342.00 OK

Check Details

Version: 1.2.3
Check: whether package can be installed
Result: WARN
    Found the following significant warnings:
     RandIndex.cpp:28:10: warning: use of bitwise '&' with boolean operands [-Wbitwise-instead-of-logical]
     RandIndex.cpp:30:16: warning: use of bitwise '&' with boolean operands [-Wbitwise-instead-of-logical]
     RandIndex.cpp:33:16: warning: use of bitwise '&' with boolean operands [-Wbitwise-instead-of-logical]
Flavors: r-devel-linux-x86_64-debian-clang, r-devel-linux-x86_64-fedora-clang