CRAN Package Check Results for Package cesR

Last updated on 2022-08-17 20:54:38 CEST.

Flavor Version Tinstall Tcheck Ttotal Status Flags
r-devel-linux-x86_64-debian-clang 0.1.0 2.71 36.56 39.27 NOTE
r-devel-linux-x86_64-debian-gcc 0.1.0 NOTE
r-devel-linux-x86_64-fedora-clang 0.1.0 59.13 NOTE
r-devel-linux-x86_64-fedora-gcc 0.1.0 56.55 NOTE
r-devel-windows-x86_64 0.1.0 14.00 66.00 80.00 NOTE
r-patched-linux-x86_64 0.1.0 2.77 34.84 37.61 OK
r-release-linux-x86_64 0.1.0 2.01 35.57 37.58 OK
r-release-macos-arm64 0.1.0 24.00 OK
r-release-macos-x86_64 0.1.0 37.00 OK
r-release-windows-x86_64 0.1.0 12.00 62.00 74.00 OK
r-oldrel-macos-arm64 0.1.0 35.00 OK
r-oldrel-macos-x86_64 0.1.0 33.00 OK
r-oldrel-windows-ix86+x86_64 0.1.0 7.00 61.00 68.00 OK

Check Details

Version: 0.1.0
Check: package subdirectories
Result: NOTE
    Problems with news in 'NEWS.md':
    No news entries found.
Flavors: r-devel-linux-x86_64-debian-clang, r-devel-linux-x86_64-debian-gcc, r-devel-linux-x86_64-fedora-clang, r-devel-linux-x86_64-fedora-gcc, r-devel-windows-x86_64