CRAN Package Check Results for Package ceRtainty

Last updated on 2023-09-22 20:51:48 CEST.

Flavor Version Tinstall Tcheck Ttotal Status Flags
r-devel-linux-x86_64-debian-clang 1.0.0 5.57 51.34 56.91 OK
r-devel-linux-x86_64-debian-gcc 1.0.0 4.25 38.48 42.73 OK
r-devel-linux-x86_64-fedora-clang 1.0.0 70.71 NOTE
r-devel-linux-x86_64-fedora-gcc 1.0.0 78.73 NOTE
r-devel-windows-x86_64 1.0.0 7.00 76.00 83.00 OK
r-patched-linux-x86_64 1.0.0 4.37 48.79 53.16 OK
r-release-linux-x86_64 1.0.0 4.52 48.73 53.25 OK
r-release-macos-arm64 1.0.0 34.00 OK
r-release-macos-x86_64 1.0.0 45.00 OK
r-release-windows-x86_64 1.0.0 7.00 69.00 76.00 OK
r-oldrel-macos-arm64 1.0.0 25.00 NOTE
r-oldrel-macos-x86_64 1.0.0 51.00 NOTE
r-oldrel-windows-x86_64 1.0.0 7.00 71.00 78.00 OK

Check Details

Version: 1.0.0
Check: dependencies in R code
Result: NOTE
    Namespaces in Imports field not imported from:
     ‘base’ ‘stats’ ‘tidyr’
     All declared Imports should be used.
Flavors: r-devel-linux-x86_64-fedora-clang, r-devel-linux-x86_64-fedora-gcc, r-oldrel-macos-arm64, r-oldrel-macos-x86_64