Last updated on 2022-08-13 08:53:28 CEST.
Flavor | Version | Tinstall | Tcheck | Ttotal | Status | Flags |
---|---|---|---|---|---|---|
r-devel-linux-x86_64-debian-clang | 2.0.2 | 94.47 | 91.77 | 186.24 | OK | |
r-devel-linux-x86_64-debian-gcc | 2.0.2 | 70.84 | 67.15 | 137.99 | OK | |
r-devel-linux-x86_64-fedora-clang | 2.0.2 | 263.20 | NOTE | |||
r-devel-linux-x86_64-fedora-gcc | 2.0.2 | 246.45 | OK | |||
r-devel-windows-x86_64 | 2.0.2 | 70.00 | 127.00 | 197.00 | OK | |
r-patched-linux-x86_64 | 2.0.2 | 80.59 | 85.23 | 165.82 | OK | |
r-release-linux-x86_64 | 2.0.2 | 73.44 | 82.96 | 156.40 | OK | |
r-release-macos-arm64 | 2.0.2 | 63.00 | NOTE | |||
r-release-macos-x86_64 | 2.0.2 | 99.00 | NOTE | |||
r-release-windows-x86_64 | 2.0.2 | 297.00 | 125.00 | 422.00 | OK | |
r-oldrel-macos-arm64 | 2.0.2 | 70.00 | NOTE | |||
r-oldrel-macos-x86_64 | 2.0.2 | 74.00 | NOTE | |||
r-oldrel-windows-ix86+x86_64 | 2.0.2 | 182.00 | 142.00 | 324.00 | OK |
Version: 2.0.2
Check: installed package size
Result: NOTE
installed size is 7.5Mb
sub-directories of 1Mb or more:
libs 7.1Mb
Flavors: r-devel-linux-x86_64-fedora-clang, r-release-macos-arm64, r-release-macos-x86_64, r-oldrel-macos-arm64, r-oldrel-macos-x86_64