Last updated on 2023-03-28 08:54:45 CEST.
Flavor | Version | Tinstall | Tcheck | Ttotal | Status | Flags |
---|---|---|---|---|---|---|
r-devel-linux-x86_64-debian-clang | 0.8-6 | 8.00 | 75.70 | 83.70 | OK | |
r-devel-linux-x86_64-debian-gcc | 0.8-6 | 5.94 | 55.54 | 61.48 | OK | |
r-devel-linux-x86_64-fedora-clang | 0.8-6 | 101.77 | NOTE | |||
r-devel-linux-x86_64-fedora-gcc | 0.8-6 | 107.03 | OK | |||
r-devel-windows-x86_64 | 0.8-6 | 32.00 | 114.00 | 146.00 | OK | |
r-patched-linux-x86_64 | 0.8-6 | 9.30 | 69.94 | 79.24 | OK | |
r-release-linux-x86_64 | 0.8-6 | 6.47 | 72.59 | 79.06 | OK | |
r-release-macos-arm64 | 0.8-6 | 25.00 | OK | |||
r-release-macos-x86_64 | 0.8-6 | 45.00 | OK | |||
r-release-windows-x86_64 | 0.8-6 | 38.00 | 118.00 | 156.00 | OK | |
r-oldrel-macos-arm64 | 0.8-6 | 39.00 | OK | |||
r-oldrel-macos-x86_64 | 0.8-6 | 46.00 | OK | |||
r-oldrel-windows-ix86+x86_64 | 0.8-6 | 18.00 | 98.00 | 116.00 | OK |
Version: 0.8-6
Check: Rd cross-references
Result: NOTE
Undeclared packages ‘yacca’, ‘CCA’ in Rd xrefs
Flavor: r-devel-linux-x86_64-fedora-clang