CRAN Package Check Results for Package brr

Last updated on 2022-12-07 19:52:56 CET.

Flavor Version Tinstall Tcheck Ttotal Status Flags
r-devel-linux-x86_64-debian-clang 1.0.0 8.22 82.43 90.65 NOTE
r-devel-linux-x86_64-debian-gcc 1.0.0 4.98 63.66 68.64 NOTE
r-devel-linux-x86_64-fedora-clang 1.0.0 122.37 NOTE
r-devel-linux-x86_64-fedora-gcc 1.0.0 136.27 NOTE
r-devel-windows-x86_64 1.0.0 25.00 131.00 156.00 NOTE
r-patched-linux-x86_64 1.0.0 12.04 77.97 90.01 OK
r-release-linux-x86_64 1.0.0 6.36 80.29 86.65 OK
r-release-macos-arm64 1.0.0 31.00 OK
r-release-macos-x86_64 1.0.0 47.00 OK
r-release-windows-x86_64 1.0.0 28.00 122.00 150.00 OK
r-oldrel-macos-arm64 1.0.0 43.00 OK
r-oldrel-macos-x86_64 1.0.0 63.00 OK
r-oldrel-windows-ix86+x86_64 1.0.0 12.00 109.00 121.00 OK

Check Details

Version: 1.0.0
Check: Rd files
Result: NOTE
    checkRd: (-1) brr-package.Rd:33: Escaped LaTeX specials: \&
Flavors: r-devel-linux-x86_64-debian-clang, r-devel-linux-x86_64-debian-gcc, r-devel-linux-x86_64-fedora-clang, r-devel-linux-x86_64-fedora-gcc, r-devel-windows-x86_64