CRAN Package Check Results for Package bootnet

Last updated on 2022-10-07 20:52:16 CEST.

Flavor Version Tinstall Tcheck Ttotal Status Flags
r-devel-linux-x86_64-debian-clang 1.5 19.14 175.21 194.35 OK
r-devel-linux-x86_64-debian-gcc 1.5 18.96 128.53 147.49 OK
r-devel-linux-x86_64-fedora-clang 1.5 268.24 NOTE
r-devel-linux-x86_64-fedora-gcc 1.5 240.58 OK
r-devel-windows-x86_64 1.5 22.00 198.00 220.00 OK
r-patched-linux-x86_64 1.5 16.88 166.28 183.16 OK
r-release-linux-x86_64 1.5 17.39 165.57 182.96 OK
r-release-macos-arm64 1.5 46.00 OK
r-release-macos-x86_64 1.5 109.00 OK
r-release-windows-x86_64 1.5 23.00 198.00 221.00 OK
r-oldrel-macos-arm64 1.5 52.00 OK
r-oldrel-macos-x86_64 1.5 86.00 OK
r-oldrel-windows-ix86+x86_64 1.5 51.00 183.00 234.00 OK

Check Details

Version: 1.5
Check: Rd cross-references
Result: NOTE
    Undeclared package ‘psych’ in Rd xrefs
Flavor: r-devel-linux-x86_64-fedora-clang