CRAN Package Check Results for Package bootcluster

Last updated on 2022-08-17 20:54:37 CEST.

Flavor Version Tinstall Tcheck Ttotal Status Flags
r-devel-linux-x86_64-debian-clang 0.3.2 11.51 112.98 124.49 OK
r-devel-linux-x86_64-debian-gcc 0.3.2 OK
r-devel-linux-x86_64-fedora-clang 0.3.2 162.86 NOTE
r-devel-linux-x86_64-fedora-gcc 0.3.2 155.26 NOTE
r-devel-windows-x86_64 0.3.2 24.00 145.00 169.00 OK
r-patched-linux-x86_64 0.3.2 11.41 107.42 118.83 OK
r-release-linux-x86_64 0.3.2 12.86 108.28 121.14 OK
r-release-macos-arm64 0.3.2 45.00 NOTE
r-release-macos-x86_64 0.3.2 76.00 NOTE
r-release-windows-x86_64 0.3.2 24.00 137.00 161.00 OK
r-oldrel-macos-arm64 0.3.2 40.00 NOTE
r-oldrel-macos-x86_64 0.3.2 58.00 NOTE
r-oldrel-windows-ix86+x86_64 0.3.2 28.00 133.00 161.00 OK

Check Details

Version: 0.3.2
Check: dependencies in R code
Result: NOTE
    Namespace in Imports field not imported from: ‘sna’
     All declared Imports should be used.
Flavors: r-devel-linux-x86_64-fedora-clang, r-devel-linux-x86_64-fedora-gcc, r-release-macos-arm64, r-release-macos-x86_64, r-oldrel-macos-arm64, r-oldrel-macos-x86_64