CRAN Package Check Results for Package bold

Last updated on 2022-11-16 08:02:47 CET.

Flavor Version Tinstall Tcheck Ttotal Status Flags
r-devel-linux-x86_64-debian-clang 1.2.0 OK
r-devel-linux-x86_64-debian-gcc 1.2.0 3.98 48.99 52.97 OK
r-devel-linux-x86_64-fedora-clang 1.2.0 93.49 OK
r-devel-linux-x86_64-fedora-gcc 1.2.0 93.74 OK
r-devel-windows-x86_64 1.2.0 21.00 106.00 127.00 OK
r-patched-linux-x86_64 1.2.0 4.74 61.92 66.66 OK
r-release-linux-x86_64 1.2.0 3.04 62.52 65.56 OK
r-release-macos-arm64 1.2.0 29.00 NOTE
r-release-macos-x86_64 1.2.0 43.00 NOTE
r-release-windows-x86_64 1.2.0 51.00 107.00 158.00 OK
r-oldrel-macos-arm64 1.2.0 37.00 NOTE
r-oldrel-macos-x86_64 1.2.0 46.00 NOTE
r-oldrel-windows-ix86+x86_64 1.2.0 9.00 98.00 107.00 OK

Check Details

Version: 1.2.0
Check: package dependencies
Result: NOTE
    Package suggested but not available for checking: ‘sangerseqR’
Flavors: r-release-macos-arm64, r-release-macos-x86_64, r-oldrel-macos-arm64, r-oldrel-macos-x86_64