Last updated on 2023-10-02 20:11:54 CEST.
Flavor | Version | Tinstall | Tcheck | Ttotal | Status | Flags |
---|---|---|---|---|---|---|
r-devel-linux-x86_64-debian-clang | 1.3.0 | 5.62 | 67.88 | 73.50 | OK | |
r-devel-linux-x86_64-debian-gcc | 1.3.0 | 4.37 | 50.82 | 55.19 | OK | |
r-devel-linux-x86_64-fedora-clang | 1.3.0 | 76.77 | NOTE | |||
r-devel-linux-x86_64-fedora-gcc | 1.3.0 | 72.61 | NOTE | |||
r-devel-windows-x86_64 | 1.3.0 | 5.00 | 73.00 | 78.00 | OK | |
r-patched-linux-x86_64 | 1.3.0 | 5.85 | 65.45 | 71.30 | OK | |
r-release-linux-x86_64 | 1.3.0 | 5.81 | 64.83 | 70.64 | OK | |
r-release-macos-arm64 | 1.3.0 | 29.00 | NOTE | |||
r-release-macos-x86_64 | 1.3.0 | 58.00 | NOTE | |||
r-release-windows-x86_64 | 1.3.0 | 10.00 | 83.00 | 93.00 | OK | |
r-oldrel-macos-arm64 | 1.3.0 | 35.00 | NOTE | |||
r-oldrel-macos-x86_64 | 1.3.0 | 38.00 | NOTE | |||
r-oldrel-windows-x86_64 | 1.3.0 | 6.00 | 84.00 | 90.00 | OK |
Version: 1.3.0
Check: package dependencies
Result: NOTE
Package suggested but not available for checking: ‘sangerseqR’
Flavors: r-devel-linux-x86_64-fedora-clang, r-devel-linux-x86_64-fedora-gcc, r-release-macos-arm64, r-release-macos-x86_64, r-oldrel-macos-arm64, r-oldrel-macos-x86_64