CRAN Package Check Results for Package bodenmiller

Last updated on 2022-11-16 08:02:47 CET.

Flavor Version Tinstall Tcheck Ttotal Status Flags
r-devel-linux-x86_64-debian-clang 0.1.1 OK
r-devel-linux-x86_64-debian-gcc 0.1.1 7.50 36.08 43.58 OK
r-devel-linux-x86_64-fedora-clang 0.1.1 78.93 NOTE
r-devel-linux-x86_64-fedora-gcc 0.1.1 78.12 OK
r-devel-windows-x86_64 0.1.1 21.00 82.00 103.00 NOTE
r-patched-linux-x86_64 0.1.1 10.22 44.99 55.21 OK
r-release-linux-x86_64 0.1.1 9.33 45.29 54.62 OK
r-release-macos-arm64 0.1.1 27.00 NOTE
r-release-macos-x86_64 0.1.1 40.00 NOTE
r-release-windows-x86_64 0.1.1 18.00 82.00 100.00 NOTE
r-oldrel-macos-arm64 0.1.1 33.00 NOTE
r-oldrel-macos-x86_64 0.1.1 55.00 NOTE
r-oldrel-windows-ix86+x86_64 0.1.1 15.00 74.00 89.00 NOTE

Check Details

Version: 0.1.1
Check: installed package size
Result: NOTE
     installed size is 7.2Mb
     sub-directories of 1Mb or more:
     data 7.0Mb
Flavors: r-devel-linux-x86_64-fedora-clang, r-devel-windows-x86_64, r-release-macos-arm64, r-release-macos-x86_64, r-release-windows-x86_64, r-oldrel-macos-arm64, r-oldrel-macos-x86_64, r-oldrel-windows-ix86+x86_64