CRAN Package Check Results for Package bnstruct

Last updated on 2022-08-08 20:52:44 CEST.

Flavor Version Tinstall Tcheck Ttotal Status Flags
r-devel-linux-x86_64-debian-clang 1.0.12 21.45 127.65 149.10 OK
r-devel-linux-x86_64-debian-gcc 1.0.12 15.47 99.68 115.15 OK
r-devel-linux-x86_64-fedora-clang 1.0.12 183.33 OK
r-devel-linux-x86_64-fedora-gcc 1.0.12 185.46 OK
r-devel-windows-x86_64 1.0.12 93.00 183.00 276.00 OK
r-patched-linux-x86_64 1.0.12 19.88 123.20 143.08 OK
r-release-linux-x86_64 1.0.12 OK
r-release-macos-arm64 1.0.12 62.00 NOTE
r-release-macos-x86_64 1.0.12 75.00 OK
r-release-windows-x86_64 1.0.12 119.00 185.00 304.00 OK
r-oldrel-macos-arm64 1.0.12 57.00 OK
r-oldrel-macos-x86_64 1.0.12 79.00 OK
r-oldrel-windows-ix86+x86_64 1.0.12 36.00 181.00 217.00 OK

Check Details

Version: 1.0.12
Check: package dependencies
Result: NOTE
    Packages suggested but not available for checking: 'graph', 'Rgraphviz'
Flavor: r-release-macos-arm64