Last updated on 2022-08-07 20:49:21 CEST.
Flavor | Version | Tinstall | Tcheck | Ttotal | Status | Flags |
---|---|---|---|---|---|---|
r-devel-linux-x86_64-debian-clang | 0.4.6 | 126.65 | 124.39 | 251.04 | WARN | |
r-devel-linux-x86_64-debian-gcc | 0.4.6 | 90.01 | 86.12 | 176.13 | OK | |
r-devel-linux-x86_64-fedora-clang | 0.4.6 | 319.09 | WARN | |||
r-devel-linux-x86_64-fedora-gcc | 0.4.6 | 291.81 | OK | |||
r-devel-windows-x86_64 | 0.4.6 | 243.00 | 186.00 | 429.00 | OK | |
r-patched-linux-x86_64 | 0.4.6 | 112.86 | 115.97 | 228.83 | OK | |
r-release-linux-x86_64 | 0.4.6 | 110.04 | 117.84 | 227.88 | OK | |
r-release-macos-arm64 | 0.4.6 | 82.00 | NOTE | |||
r-release-macos-x86_64 | 0.4.6 | 106.00 | NOTE | |||
r-release-windows-x86_64 | 0.4.6 | 298.00 | 190.00 | 488.00 | OK | |
r-oldrel-macos-arm64 | 0.4.6 | 82.00 | NOTE | |||
r-oldrel-macos-x86_64 | 0.4.6 | 120.00 | NOTE | |||
r-oldrel-windows-ix86+x86_64 | 0.4.6 | 250.00 | 244.00 | 494.00 | OK |
Version: 0.4.6
Check: whether package can be installed
Result: WARN
Found the following significant warnings:
basic-misc.cpp:29:7: warning: use of bitwise '&' with boolean operands [-Wbitwise-instead-of-logical]
Flavors: r-devel-linux-x86_64-debian-clang, r-devel-linux-x86_64-fedora-clang
Version: 0.4.6
Check: installed package size
Result: NOTE
installed size is 5.5Mb
sub-directories of 1Mb or more:
libs 4.6Mb
Flavors: r-devel-linux-x86_64-fedora-clang, r-release-macos-arm64, r-release-macos-x86_64, r-oldrel-macos-arm64, r-oldrel-macos-x86_64