CRAN Package Check Results for Package blackbox

Last updated on 2022-10-04 08:53:42 CEST.

Flavor Version Tinstall Tcheck Ttotal Status Flags
r-devel-linux-x86_64-debian-clang 1.1.32 74.07 133.41 207.48 NOTE
r-devel-linux-x86_64-debian-gcc 1.1.32 57.99 102.34 160.33 NOTE
r-devel-linux-x86_64-fedora-clang 1.1.32 294.96 NOTE
r-devel-linux-x86_64-fedora-gcc 1.1.32 265.44 NOTE
r-devel-windows-x86_64 1.1.32 88.00 176.00 264.00 NOTE
r-patched-linux-x86_64 1.1.32 59.65 128.67 188.32 NOTE
r-release-linux-x86_64 1.1.32 53.17 131.16 184.33 NOTE
r-release-macos-arm64 1.1.32 68.00 NOTE
r-release-macos-x86_64 1.1.32 107.00 NOTE
r-release-windows-x86_64 1.1.32 97.00 177.00 274.00 NOTE
r-oldrel-macos-arm64 1.1.32 68.00 NOTE
r-oldrel-macos-x86_64 1.1.32 122.00 NOTE
r-oldrel-windows-ix86+x86_64 1.1.32 156.00 198.00 354.00 NOTE

Check Details

Version: 1.1.32
Check: LazyData
Result: NOTE
     'LazyData' is specified without a 'data' directory
Flavors: r-devel-linux-x86_64-debian-clang, r-devel-linux-x86_64-debian-gcc, r-devel-linux-x86_64-fedora-clang, r-devel-linux-x86_64-fedora-gcc, r-devel-windows-x86_64, r-patched-linux-x86_64, r-release-linux-x86_64, r-release-macos-arm64, r-release-macos-x86_64, r-release-windows-x86_64, r-oldrel-macos-arm64, r-oldrel-macos-x86_64, r-oldrel-windows-ix86+x86_64

Version: 1.1.32
Check: installed package size
Result: NOTE
     installed size is 7.2Mb
     sub-directories of 1Mb or more:
     libs 6.6Mb
Flavors: r-release-macos-arm64, r-release-macos-x86_64, r-oldrel-macos-arm64, r-oldrel-macos-x86_64