Last updated on 2023-03-25 07:59:28 CET.
Flavor | Version | Tinstall | Tcheck | Ttotal | Status | Flags |
---|---|---|---|---|---|---|
r-devel-linux-x86_64-debian-clang | 1.1.1 | 5.00 | 51.96 | 56.96 | OK | |
r-devel-linux-x86_64-debian-gcc | 1.1.1 | 4.24 | 41.13 | 45.37 | OK | |
r-devel-linux-x86_64-fedora-clang | 1.1.1 | 73.64 | OK | |||
r-devel-linux-x86_64-fedora-gcc | 1.1.1 | 82.87 | OK | |||
r-devel-windows-x86_64 | 1.1.1 | 46.00 | 101.00 | 147.00 | OK | |
r-patched-linux-x86_64 | 1.1.1 | 5.23 | 52.93 | 58.16 | OK | |
r-release-linux-x86_64 | 1.1.1 | 5.93 | 53.45 | 59.38 | OK | |
r-release-macos-arm64 | 1.1.1 | 25.00 | OK | |||
r-release-macos-x86_64 | 1.1.1 | 37.00 | OK | |||
r-release-windows-x86_64 | 1.1.1 | 40.00 | 96.00 | 136.00 | OK | |
r-oldrel-macos-arm64 | 1.1.1 | 27.00 | OK | |||
r-oldrel-macos-x86_64 | 1.1.1 | 38.00 | OK | |||
r-oldrel-windows-ix86+x86_64 | 1.1.1 | 12.00 | 127.00 | 139.00 | NOTE |
Version: 1.1.1
Check: R code for possible problems
Result: NOTE
Initiating curl with CURL_SSL_BACKEND: openssl
Flavor: r-oldrel-windows-ix86+x86_64