CRAN Package Check Results for Package bigrquery

Last updated on 2022-10-04 20:53:34 CEST.

Flavor Version Tinstall Tcheck Ttotal Status Flags
r-devel-linux-x86_64-debian-clang 1.4.0 33.44 88.08 121.52 ERROR
r-devel-linux-x86_64-debian-gcc 1.4.0 26.05 63.49 89.54 ERROR
r-devel-linux-x86_64-fedora-clang 1.4.0 164.58 ERROR
r-devel-linux-x86_64-fedora-gcc 1.4.0 156.36 ERROR
r-devel-windows-x86_64 1.4.0 118.00 138.00 256.00 ERROR
r-patched-linux-x86_64 1.4.0 34.11 77.77 111.88 OK
r-release-linux-x86_64 1.4.0 27.68 80.00 107.68 OK
r-release-macos-arm64 1.4.0 39.00 OK
r-release-macos-x86_64 1.4.0 55.00 OK
r-release-windows-x86_64 1.4.0 112.00 134.00 246.00 OK
r-oldrel-macos-arm64 1.4.0 44.00 OK
r-oldrel-macos-x86_64 1.4.0 56.00 OK
r-oldrel-windows-ix86+x86_64 1.4.0 82.00 155.00 237.00 OK

Check Details

Version: 1.4.0
Check: tests
Result: ERROR
     Running 'testthat.R' [6s/8s]
    Running the tests in 'tests/testthat.R' failed.
    Complete output:
     > library(testthat)
     > library(bigrquery)
     >
     > test_check("bigrquery")
     [ FAIL 1 | WARN 1 | SKIP 66 | PASS 129 ]
    
     == Skipped tests ===============================================================
     * Authentication not available (8)
     * No BigQuery access credentials available (55)
     * On CRAN (1)
     * On Linux (1)
     * bq_authable() is not TRUE (1)
    
     == Failed tests ================================================================
     -- Failure (test-bq-parse.R:37:3): can parse date/times ------------------------
     bq_parse_single(as.character(dt, "%Y-%m-%dT%H:%M:%S"), "datetime") not identical to `dt`.
     1/1 mismatches
     [1] NA - 2018-01-01 03:00:00 == NA secs
    
     [ FAIL 1 | WARN 1 | SKIP 66 | PASS 129 ]
     Error: Test failures
     Execution halted
Flavor: r-devel-linux-x86_64-debian-clang

Version: 1.4.0
Check: tests
Result: ERROR
     Running ‘testthat.R’ [4s/6s]
    Running the tests in ‘tests/testthat.R’ failed.
    Complete output:
     > library(testthat)
     > library(bigrquery)
     >
     > test_check("bigrquery")
     [ FAIL 1 | WARN 1 | SKIP 66 | PASS 129 ]
    
     ══ Skipped tests ═══════════════════════════════════════════════════════════════
     • Authentication not available (8)
     • No BigQuery access credentials available (55)
     • On CRAN (1)
     • On Linux (1)
     • bq_authable() is not TRUE (1)
    
     ══ Failed tests ════════════════════════════════════════════════════════════════
     ── Failure (test-bq-parse.R:37:3): can parse date/times ────────────────────────
     bq_parse_single(as.character(dt, "%Y-%m-%dT%H:%M:%S"), "datetime") not identical to `dt`.
     1/1 mismatches
     [1] NA - 2018-01-01 03:00:00 == NA secs
    
     [ FAIL 1 | WARN 1 | SKIP 66 | PASS 129 ]
     Error: Test failures
     Execution halted
Flavor: r-devel-linux-x86_64-debian-gcc

Version: 1.4.0
Check: tests
Result: ERROR
     Running ‘testthat.R’
    Running the tests in ‘tests/testthat.R’ failed.
    Complete output:
     > library(testthat)
     > library(bigrquery)
     >
     > test_check("bigrquery")
     [ FAIL 1 | WARN 1 | SKIP 66 | PASS 128 ]
    
     ══ Skipped tests ═══════════════════════════════════════════════════════════════
     • Authentication not available (8)
     • No BigQuery access credentials available (55)
     • On CRAN (1)
     • On Linux (1)
     • bq_authable() is not TRUE (1)
    
     ══ Failed tests ════════════════════════════════════════════════════════════════
     ── Error (test-bq-parse.R:37:3): can parse date/times ──────────────────────────
     Error in `round(x$sec[n0], digits)`: non-numeric argument to mathematical function
     Backtrace:
     ▆
     1. ├─testthat::expect_identical(...) at test-bq-parse.R:37:2
     2. │ └─testthat::quasi_label(enquo(object), label, arg = "object")
     3. │ └─rlang::eval_bare(expr, quo_get_env(quo))
     4. ├─bigrquery:::bq_parse_single(...)
     5. │ └─jsonlite::toJSON(value, auto_unbox = TRUE)
     6. │ └─base::force(x)
     7. ├─base::as.character(dt, "%Y-%m-%dT%H:%M:%S")
     8. └─base::as.character.POSIXt(dt, "%Y-%m-%dT%H:%M:%S")
    
     [ FAIL 1 | WARN 1 | SKIP 66 | PASS 128 ]
     Error: Test failures
     Execution halted
Flavors: r-devel-linux-x86_64-fedora-clang, r-devel-linux-x86_64-fedora-gcc

Version: 1.4.0
Check: tests
Result: ERROR
     Running 'testthat.R' [6s]
    Running the tests in 'tests/testthat.R' failed.
    Complete output:
     > library(testthat)
     > library(bigrquery)
     >
     > test_check("bigrquery")
     [ FAIL 1 | WARN 1 | SKIP 65 | PASS 130 ]
    
     ══ Skipped tests ═══════════════════════════════════════════════════════════════
     • Authentication not available (8)
     • No BigQuery access credentials available (55)
     • On CRAN (1)
     • bq_authable() is not TRUE (1)
    
     ══ Failed tests ════════════════════════════════════════════════════════════════
     ── Failure (test-bq-parse.R:37:3): can parse date/times ────────────────────────
     bq_parse_single(as.character(dt, "%Y-%m-%dT%H:%M:%S"), "datetime") not identical to `dt`.
     1/1 mismatches
     [1] NA - 2018-01-01 03:00:00 == NA secs
    
     [ FAIL 1 | WARN 1 | SKIP 65 | PASS 130 ]
     Error: Test failures
     Execution halted
Flavor: r-devel-windows-x86_64