CRAN Package Check Results for Package biglmm

Last updated on 2022-12-07 19:52:56 CET.

Flavor Version Tinstall Tcheck Ttotal Status Flags
r-devel-linux-x86_64-debian-clang 0.9-2 4.93 34.11 39.04 OK
r-devel-linux-x86_64-debian-gcc 0.9-2 3.16 26.90 30.06 OK
r-devel-linux-x86_64-fedora-clang 0.9-2 59.95 OK
r-devel-linux-x86_64-fedora-gcc 0.9-2 59.03 OK
r-devel-windows-x86_64 0.9-2 12.00 61.00 73.00 OK
r-patched-linux-x86_64 0.9-2 4.49 33.63 38.12 OK
r-release-linux-x86_64 0.9-2 3.88 33.76 37.64 OK
r-release-macos-arm64 0.9-2 20.00 OK
r-release-macos-x86_64 0.9-2 29.00 OK
r-release-windows-x86_64 0.9-2 15.00 61.00 76.00 OK
r-oldrel-macos-arm64 0.9-2 24.00 NOTE
r-oldrel-macos-x86_64 0.9-2 36.00 OK
r-oldrel-windows-ix86+x86_64 0.9-2 12.00 66.00 78.00 OK

Check Details

Version: 0.9-2
Check: package dependencies
Result: NOTE
    Package suggested but not available for checking: ‘RODBC’
Flavor: r-oldrel-macos-arm64