Last updated on 2025-01-14 19:48:20 CET.
Flavor | Version | Tinstall | Tcheck | Ttotal | Status | Flags |
---|---|---|---|---|---|---|
r-devel-linux-x86_64-debian-clang | 1.6 | 11.38 | 137.72 | 149.10 | NOTE | |
r-devel-linux-x86_64-debian-gcc | 1.6 | 8.20 | 114.66 | 122.86 | NOTE | |
r-devel-linux-x86_64-fedora-clang | 1.6 | 229.22 | NOTE | |||
r-devel-linux-x86_64-fedora-gcc | 1.6 | 251.71 | NOTE | |||
r-devel-windows-x86_64 | 1.6 | 12.00 | 159.00 | 171.00 | NOTE | |
r-patched-linux-x86_64 | 1.6 | 10.10 | 137.69 | 147.79 | NOTE | |
r-release-linux-x86_64 | 1.6 | 9.04 | 141.16 | 150.20 | NOTE | |
r-release-macos-arm64 | 1.6 | 89.00 | NOTE | |||
r-release-macos-x86_64 | 1.6 | 160.00 | NOTE | |||
r-release-windows-x86_64 | 1.6 | 11.00 | 163.00 | 174.00 | NOTE | |
r-oldrel-macos-arm64 | 1.6 | 104.00 | OK | |||
r-oldrel-macos-x86_64 | 1.6 | 161.00 | OK | |||
r-oldrel-windows-x86_64 | 1.6 | 15.00 | 180.00 | 195.00 | OK |
Version: 1.6
Check: Rd files
Result: NOTE
checkRd: (-1) pQF.Rd:30: Lost braces; missing escapes or markup?
30 | When \code{M} is not square, a randomised estimator for the trace of \code{crossprod(M)^2} is used. This is the sample size. When \code{M} is of \code{"matrixfree"} and does not include the trace of {crossprod(M)} as a component, this sample size will also be used to compute that. See Hutchinson reference. }
| ^
Flavors: r-devel-linux-x86_64-debian-clang, r-devel-linux-x86_64-debian-gcc, r-devel-linux-x86_64-fedora-clang, r-devel-linux-x86_64-fedora-gcc, r-devel-windows-x86_64, r-patched-linux-x86_64, r-release-linux-x86_64, r-release-macos-arm64, r-release-macos-x86_64, r-release-windows-x86_64