Last updated on 2022-08-11 20:49:59 CEST.
Flavor | Version | Tinstall | Tcheck | Ttotal | Status | Flags |
---|---|---|---|---|---|---|
r-devel-linux-x86_64-debian-clang | 0.4.2 | 45.90 | 405.73 | 451.63 | NOTE | |
r-devel-linux-x86_64-debian-gcc | 0.4.2 | 39.37 | 295.66 | 335.03 | NOTE | |
r-devel-linux-x86_64-fedora-clang | 0.4.2 | 560.68 | NOTE | |||
r-devel-linux-x86_64-fedora-gcc | 0.4.2 | 565.15 | NOTE | |||
r-devel-windows-x86_64 | 0.4.2 | 48.00 | 379.00 | 427.00 | NOTE | |
r-patched-linux-x86_64 | 0.4.2 | 47.45 | 391.03 | 438.48 | NOTE | |
r-release-linux-x86_64 | 0.4.2 | 44.59 | 384.77 | 429.36 | NOTE | |
r-release-macos-arm64 | 0.4.2 | 132.00 | NOTE | |||
r-release-macos-x86_64 | 0.4.2 | 170.00 | NOTE | |||
r-release-windows-x86_64 | 0.4.2 | 46.00 | 381.00 | 427.00 | NOTE | |
r-oldrel-macos-arm64 | 0.4.2 | 107.00 | NOTE | |||
r-oldrel-macos-x86_64 | 0.4.2 | 156.00 | NOTE | |||
r-oldrel-windows-ix86+x86_64 | 0.4.2 | 100.00 | 384.00 | 484.00 | OK |
Version: 0.4.2
Check: package dependencies
Result: NOTE
Package suggested but not available for checking: 'INLA'
Flavors: r-devel-linux-x86_64-debian-clang, r-devel-linux-x86_64-debian-gcc, r-devel-windows-x86_64, r-patched-linux-x86_64, r-release-linux-x86_64, r-release-macos-arm64, r-release-macos-x86_64, r-release-windows-x86_64, r-oldrel-macos-arm64, r-oldrel-macos-x86_64
Version: 0.4.2
Check: data for non-ASCII characters
Result: NOTE
Note: found 940 marked Latin-1 strings
Flavors: r-devel-linux-x86_64-fedora-clang, r-devel-linux-x86_64-fedora-gcc, r-release-macos-arm64, r-release-macos-x86_64, r-oldrel-macos-arm64, r-oldrel-macos-x86_64
Version: 0.4.2
Check: installed package size
Result: NOTE
installed size is 5.3Mb
sub-directories of 1Mb or more:
data 5.1Mb
Flavors: r-release-macos-arm64, r-oldrel-macos-arm64