CRAN Package Check Results for Package bgmm

Last updated on 2022-08-19 08:53:38 CEST.

Flavor Version Tinstall Tcheck Ttotal Status Flags
r-devel-linux-x86_64-debian-clang 1.8.5 5.06 53.10 58.16 NOTE
r-devel-linux-x86_64-debian-gcc 1.8.5 4.18 38.73 42.91 NOTE
r-devel-linux-x86_64-fedora-clang 1.8.5 80.66 NOTE
r-devel-linux-x86_64-fedora-gcc 1.8.5 79.71 NOTE
r-devel-windows-x86_64 1.8.5 17.00 79.00 96.00 NOTE
r-patched-linux-x86_64 1.8.5 5.80 50.73 56.53 OK
r-release-linux-x86_64 1.8.5 OK
r-release-macos-arm64 1.8.5 25.00 OK
r-release-macos-x86_64 1.8.5 41.00 OK
r-release-windows-x86_64 1.8.5 18.00 77.00 95.00 OK
r-oldrel-macos-arm64 1.8.5 35.00 OK
r-oldrel-macos-x86_64 1.8.5 43.00 OK
r-oldrel-windows-ix86+x86_64 1.8.5 11.00 75.00 86.00 OK

Check Details

Version: 1.8.5
Check: Rd files
Result: NOTE
    checkRd: (-1) bgmm-package.Rd:23: Escaped LaTeX specials: \&
Flavors: r-devel-linux-x86_64-debian-clang, r-devel-linux-x86_64-debian-gcc, r-devel-linux-x86_64-fedora-clang, r-devel-linux-x86_64-fedora-gcc, r-devel-windows-x86_64