CRAN Package Check Results for Package bdrc

Last updated on 2024-04-18 08:54:22 CEST.

Flavor Version Tinstall Tcheck Ttotal Status Flags
r-devel-linux-x86_64-debian-clang 1.1.0 13.36 199.42 212.78 NOTE
r-devel-linux-x86_64-debian-gcc 1.1.0 8.50 148.31 156.81 NOTE
r-devel-linux-x86_64-fedora-clang 1.1.0 265.88 NOTE
r-devel-linux-x86_64-fedora-gcc 1.1.0 266.11 NOTE
r-prerel-macos-arm64 1.1.0 219.00 NOTE
r-prerel-windows-x86_64 1.1.0 11.00 425.00 436.00 NOTE
r-patched-linux-x86_64 1.1.0 10.58 175.97 186.55 NOTE
r-release-linux-x86_64 1.1.0 8.14 195.86 204.00 OK
r-release-macos-arm64 1.1.0 232.00 OK
r-release-macos-x86_64 1.1.0 390.00 OK
r-release-windows-x86_64 1.1.0 14.00 569.00 583.00 OK
r-oldrel-macos-arm64 1.1.0 181.00 OK
r-oldrel-windows-x86_64 1.1.0 15.00 576.00 591.00 OK

Check Details

Version: 1.1.0
Check: Rd files
Result: NOTE checkRd: (-1) autoplot.plm0.Rd:61: Lost braces in \itemize; meant \describe ? checkRd: (-1) autoplot.plm0.Rd:62: Lost braces in \itemize; meant \describe ? checkRd: (-1) autoplot.plm0.Rd:63: Lost braces in \itemize; meant \describe ? checkRd: (-1) autoplot.plm0.Rd:64: Lost braces in \itemize; meant \describe ? checkRd: (-1) autoplot.plm0.Rd:65: Lost braces in \itemize; meant \describe ? checkRd: (-1) autoplot.plm0.Rd:66: Lost braces in \itemize; meant \describe ? checkRd: (-1) autoplot.plm0.Rd:67: Lost braces in \itemize; meant \describe ? checkRd: (-1) autoplot.plm0.Rd:68: Lost braces in \itemize; meant \describe ? checkRd: (-1) autoplot.tournament.Rd:16: Lost braces in \itemize; meant \describe ? checkRd: (-1) get_report.Rd:31: Lost braces in \itemize; meant \describe ? checkRd: (-1) get_report.Rd:32: Lost braces in \itemize; meant \describe ? checkRd: (-1) get_report_pages.Rd:29: Lost braces in \itemize; meant \describe ? checkRd: (-1) get_report_pages.Rd:30: Lost braces in \itemize; meant \describe ? checkRd: (-1) plot.plm0.Rd:61: Lost braces in \itemize; meant \describe ? checkRd: (-1) plot.plm0.Rd:62: Lost braces in \itemize; meant \describe ? checkRd: (-1) plot.plm0.Rd:63: Lost braces in \itemize; meant \describe ? checkRd: (-1) plot.plm0.Rd:64: Lost braces in \itemize; meant \describe ? checkRd: (-1) plot.plm0.Rd:65: Lost braces in \itemize; meant \describe ? checkRd: (-1) plot.plm0.Rd:66: Lost braces in \itemize; meant \describe ? checkRd: (-1) plot.plm0.Rd:67: Lost braces in \itemize; meant \describe ? checkRd: (-1) plot.plm0.Rd:68: Lost braces in \itemize; meant \describe ? checkRd: (-1) plot.plm0.Rd:69: Lost braces in \itemize; meant \describe ? checkRd: (-1) plot.tournament.Rd:16: Lost braces in \itemize; meant \describe ? checkRd: (-1) plot.tournament.Rd:17: Lost braces in \itemize; meant \describe ? checkRd: (-1) plot.tournament.Rd:18: Lost braces in \itemize; meant \describe ? checkRd: (-1) plot.tournament.Rd:19: Lost braces in \itemize; meant \describe ? checkRd: (-1) plot.tournament.Rd:20: Lost braces in \itemize; meant \describe ? checkRd: (-1) plot.tournament.Rd:21: Lost braces in \itemize; meant \describe ? checkRd: (-1) plot.tournament.Rd:22: Lost braces in \itemize; meant \describe ? checkRd: (-1) plot_fun.Rd:23: Lost braces in \itemize; meant \describe ? checkRd: (-1) plot_fun.Rd:24: Lost braces in \itemize; meant \describe ? checkRd: (-1) plot_fun.Rd:25: Lost braces in \itemize; meant \describe ? checkRd: (-1) plot_fun.Rd:26: Lost braces in \itemize; meant \describe ? checkRd: (-1) plot_fun.Rd:27: Lost braces in \itemize; meant \describe ? checkRd: (-1) plot_fun.Rd:28: Lost braces in \itemize; meant \describe ? checkRd: (-1) plot_fun.Rd:29: Lost braces in \itemize; meant \describe ? checkRd: (-1) plot_fun.Rd:30: Lost braces in \itemize; meant \describe ? checkRd: (-1) plot_fun.Rd:31: Lost braces in \itemize; meant \describe ? Flavors: r-devel-linux-x86_64-debian-clang, r-devel-linux-x86_64-debian-gcc, r-devel-linux-x86_64-fedora-clang, r-devel-linux-x86_64-fedora-gcc, r-prerel-macos-arm64, r-prerel-windows-x86_64, r-patched-linux-x86_64