CRAN Package Check Results for Package bayesbr

Last updated on 2022-12-05 07:53:35 CET.

Flavor Version Tinstall Tcheck Ttotal Status Flags
r-devel-linux-x86_64-debian-clang 0.0.1.0 134.40 202.61 337.01 NOTE
r-devel-linux-x86_64-debian-gcc 0.0.1.0 126.73 158.44 285.17 NOTE
r-devel-linux-x86_64-fedora-clang 0.0.1.0 447.89 NOTE
r-devel-linux-x86_64-fedora-gcc 0.0.1.0 501.99 NOTE
r-devel-windows-x86_64 0.0.1.0 127.00 295.00 422.00 NOTE
r-patched-linux-x86_64 0.0.1.0 135.18 211.11 346.29 NOTE
r-release-linux-x86_64 0.0.1.0 114.53 213.88 328.41 NOTE
r-release-macos-arm64 0.0.1.0 127.00 NOTE
r-release-macos-x86_64 0.0.1.0 264.00 NOTE
r-release-windows-x86_64 0.0.1.0 131.00 296.00 427.00 NOTE
r-oldrel-macos-arm64 0.0.1.0 176.00 NOTE
r-oldrel-macos-x86_64 0.0.1.0 155.00 NOTE
r-oldrel-windows-ix86+x86_64 0.0.1.0 328.00 491.00 819.00 NOTE

Check Details

Version: 0.0.1.0
Check: for GNU extensions in Makefiles
Result: NOTE
    GNU make is a SystemRequirements.
Flavors: r-devel-linux-x86_64-debian-clang, r-devel-linux-x86_64-debian-gcc, r-devel-linux-x86_64-fedora-clang, r-devel-linux-x86_64-fedora-gcc, r-devel-windows-x86_64, r-patched-linux-x86_64, r-release-linux-x86_64, r-release-macos-arm64, r-release-macos-x86_64, r-release-windows-x86_64, r-oldrel-macos-arm64, r-oldrel-macos-x86_64, r-oldrel-windows-ix86+x86_64

Version: 0.0.1.0
Check: dependencies in R code
Result: NOTE
    Namespaces in Imports field not imported from:
     ‘magrittr’ ‘rstantools’
     All declared Imports should be used.
Flavors: r-devel-linux-x86_64-fedora-clang, r-devel-linux-x86_64-fedora-gcc, r-release-macos-arm64, r-release-macos-x86_64, r-oldrel-macos-arm64, r-oldrel-macos-x86_64

Version: 0.0.1.0
Check: installed package size
Result: NOTE
     installed size is 41.5Mb
     sub-directories of 1Mb or more:
     libs 39.4Mb
Flavors: r-release-macos-arm64, r-release-macos-x86_64, r-oldrel-macos-arm64, r-oldrel-macos-x86_64, r-oldrel-windows-ix86+x86_64