Last updated on 2023-01-27 19:49:26 CET.
Flavor | Version | Tinstall | Tcheck | Ttotal | Status | Flags |
---|---|---|---|---|---|---|
r-devel-linux-x86_64-debian-clang | 0.1.0 | 7.25 | 268.13 | 275.38 | OK | |
r-devel-linux-x86_64-debian-gcc | 0.1.0 | 5.44 | 191.70 | 197.14 | OK | |
r-devel-linux-x86_64-fedora-clang | 0.1.0 | 357.55 | NOTE | |||
r-devel-linux-x86_64-fedora-gcc | 0.1.0 | 335.27 | NOTE | |||
r-devel-windows-x86_64 | 0.1.0 | 25.00 | 276.00 | 301.00 | OK | |
r-patched-linux-x86_64 | 0.1.0 | 7.42 | 244.00 | 251.42 | OK | |
r-release-linux-x86_64 | 0.1.0 | 5.02 | 248.41 | 253.43 | OK | |
r-release-macos-arm64 | 0.1.0 | 97.00 | NOTE | |||
r-release-macos-x86_64 | 0.1.0 | 151.00 | NOTE | |||
r-release-windows-x86_64 | 0.1.0 | 55.00 | 287.00 | 342.00 | OK | |
r-oldrel-macos-arm64 | 0.1.0 | 90.00 | NOTE | |||
r-oldrel-macos-x86_64 | 0.1.0 | 105.00 | NOTE | |||
r-oldrel-windows-ix86+x86_64 | 0.1.0 | 19.00 | 302.00 | 321.00 | OK |
Version: 0.1.0
Check: dependencies in R code
Result: NOTE
Namespace in Imports field not imported from: ‘vtable’
All declared Imports should be used.
Flavors: r-devel-linux-x86_64-fedora-clang, r-devel-linux-x86_64-fedora-gcc, r-release-macos-arm64, r-release-macos-x86_64, r-oldrel-macos-arm64, r-oldrel-macos-x86_64