CRAN Package Check Results for Package baggr

Last updated on 2022-12-03 07:56:30 CET.

Flavor Version Tinstall Tcheck Ttotal Status Flags
r-devel-linux-x86_64-debian-clang 0.6.21 596.12 313.58 909.70 NOTE
r-devel-linux-x86_64-debian-gcc 0.6.21 552.83 256.92 809.75 NOTE
r-devel-linux-x86_64-fedora-clang 0.6.21 1130.69 NOTE
r-devel-linux-x86_64-fedora-gcc 0.6.21 1337.67 NOTE
r-devel-windows-x86_64 0.6.21 441.00 426.00 867.00 NOTE
r-patched-linux-x86_64 0.6.21 558.34 333.52 891.86 NOTE
r-release-linux-x86_64 0.6.21 422.76 338.17 760.93 NOTE
r-release-macos-arm64 0.6.21 327.00 NOTE
r-release-macos-x86_64 0.6.21 524.00 NOTE
r-release-windows-x86_64 0.6.21 456.00 436.00 892.00 NOTE
r-oldrel-macos-arm64 0.6.21 340.00 NOTE
r-oldrel-macos-x86_64 0.6.21 394.00 NOTE
r-oldrel-windows-ix86+x86_64 0.6.21 1318.00 639.00 1957.00 NOTE

Check Details

Version: 0.6.21
Check: for GNU extensions in Makefiles
Result: NOTE
    GNU make is a SystemRequirements.
Flavors: r-devel-linux-x86_64-debian-clang, r-devel-linux-x86_64-debian-gcc, r-devel-linux-x86_64-fedora-clang, r-devel-linux-x86_64-fedora-gcc, r-devel-windows-x86_64, r-patched-linux-x86_64, r-release-linux-x86_64, r-release-macos-arm64, r-release-macos-x86_64, r-release-windows-x86_64, r-oldrel-macos-arm64, r-oldrel-macos-x86_64, r-oldrel-windows-ix86+x86_64

Version: 0.6.21
Check: installed package size
Result: NOTE
     installed size is 8.0Mb
     sub-directories of 1Mb or more:
     libs 6.2Mb
Flavors: r-devel-linux-x86_64-fedora-clang, r-devel-windows-x86_64, r-release-macos-arm64, r-release-macos-x86_64, r-release-windows-x86_64, r-oldrel-macos-arm64, r-oldrel-macos-x86_64, r-oldrel-windows-ix86+x86_64