Last updated on 2023-10-02 20:11:54 CEST.
Flavor | Version | Tinstall | Tcheck | Ttotal | Status | Flags |
---|---|---|---|---|---|---|
r-devel-linux-x86_64-debian-clang | 0.7.6 | 817.38 | 427.15 | 1244.53 | NOTE | |
r-devel-linux-x86_64-debian-gcc | 0.7.6 | 659.01 | 355.03 | 1014.04 | NOTE | |
r-devel-linux-x86_64-fedora-clang | 0.7.6 | 1480.18 | NOTE | |||
r-devel-linux-x86_64-fedora-gcc | 0.7.6 | 1914.56 | NOTE | |||
r-devel-windows-x86_64 | 0.7.6 | 572.00 | 400.00 | 972.00 | NOTE | |
r-patched-linux-x86_64 | 0.7.6 | 607.84 | 466.87 | 1074.71 | NOTE | |
r-release-linux-x86_64 | 0.7.6 | 721.72 | 464.28 | 1186.00 | NOTE | |
r-release-macos-arm64 | 0.7.6 | 382.00 | NOTE | |||
r-release-macos-x86_64 | 0.7.6 | 597.00 | NOTE | |||
r-release-windows-x86_64 | 0.7.6 | 749.00 | 492.00 | 1241.00 | NOTE | |
r-oldrel-macos-arm64 | 0.7.6 | 230.00 | NOTE | |||
r-oldrel-macos-x86_64 | 0.7.6 | 435.00 | NOTE | |||
r-oldrel-windows-x86_64 | 0.7.6 | 740.00 | 467.00 | 1207.00 | NOTE |
Version: 0.7.6
Check: for GNU extensions in Makefiles
Result: NOTE
GNU make is a SystemRequirements.
Flavors: r-devel-linux-x86_64-debian-clang, r-devel-linux-x86_64-debian-gcc, r-devel-linux-x86_64-fedora-clang, r-devel-linux-x86_64-fedora-gcc, r-devel-windows-x86_64, r-patched-linux-x86_64, r-release-linux-x86_64, r-release-macos-arm64, r-release-macos-x86_64, r-release-windows-x86_64, r-oldrel-macos-arm64, r-oldrel-macos-x86_64, r-oldrel-windows-x86_64
Version: 0.7.6
Check: installed package size
Result: NOTE
installed size is 8.6Mb
sub-directories of 1Mb or more:
libs 6.8Mb
Flavors: r-devel-linux-x86_64-fedora-clang, r-devel-windows-x86_64, r-release-macos-arm64, r-release-macos-x86_64, r-release-windows-x86_64, r-oldrel-macos-arm64, r-oldrel-macos-x86_64, r-oldrel-windows-x86_64