CRAN Package Check Results for Package badger

Last updated on 2022-10-07 20:52:15 CEST.

Flavor Version Tinstall Tcheck Ttotal Status Flags
r-devel-linux-x86_64-debian-clang 0.2.1 5.53 56.36 61.89 OK
r-devel-linux-x86_64-debian-gcc 0.2.1 4.60 42.61 47.21 OK
r-devel-linux-x86_64-fedora-clang 0.2.1 88.46 OK
r-devel-linux-x86_64-fedora-gcc 0.2.1 81.32 OK
r-devel-windows-x86_64 0.2.1 16.00 94.00 110.00 OK
r-patched-linux-x86_64 0.2.1 5.10 52.43 57.53 OK
r-release-linux-x86_64 0.2.1 4.86 52.32 57.18 OK
r-release-macos-arm64 0.2.1 28.00 OK
r-release-macos-x86_64 0.2.1 40.00 OK
r-release-windows-x86_64 0.2.1 10.00 80.00 90.00 OK
r-oldrel-macos-arm64 0.2.1 23.00 OK
r-oldrel-macos-x86_64 0.2.1 40.00 OK
r-oldrel-windows-ix86+x86_64 0.2.1 19.00 83.00 102.00 ERROR

Check Details

Version: 0.2.1
Check: tests
Result: ERROR
     Running 'testthat.R' [6s]
    Running the tests in 'tests/testthat.R' failed.
    Complete output:
     > library(testthat)
     > library(badger)
     >
     > test_check("badger")
     [ FAIL 1 | WARN 0 | SKIP 0 | PASS 13 ]
    
     == Failed tests ================================================================
     -- Error (test-badges.R:90:3): Other badges output as expected -----------------
     Error in `file(con, "r")`: cannot open the connection
     Backtrace:
     x
     1. +-testthat::expect_equal(...) at test-badges.R:90:2
     2. | \-testthat::quasi_label(enquo(object), label, arg = "object")
     3. | \-rlang::eval_bare(expr, quo_get_env(quo))
     4. \-badger::badge_sci_citation(...)
     5. +-base::suppressWarnings(readLines(url))
     6. | \-base::withCallingHandlers(...)
     7. \-base::readLines(url)
     8. \-base::file(con, "r")
    
     [ FAIL 1 | WARN 0 | SKIP 0 | PASS 13 ]
     Error: Test failures
     Execution halted
Flavor: r-oldrel-windows-ix86+x86_64