CRAN Package Check Results for Package baRulho

Last updated on 2022-08-08 20:52:43 CEST.

Flavor Version Tinstall Tcheck Ttotal Status Flags
r-devel-linux-x86_64-debian-clang 1.0.6 11.18 130.36 141.54 OK
r-devel-linux-x86_64-debian-gcc 1.0.6 7.02 97.52 104.54 OK
r-devel-linux-x86_64-fedora-clang 1.0.6 174.31 NOTE
r-devel-linux-x86_64-fedora-gcc 1.0.6 173.15 OK
r-devel-windows-x86_64 1.0.6 30.00 168.00 198.00 OK
r-patched-linux-x86_64 1.0.6 12.26 125.40 137.66 OK
r-release-linux-x86_64 1.0.6 OK
r-release-macos-arm64 1.0.6 71.00 OK
r-release-macos-x86_64 1.0.6 772.00 OK
r-release-windows-x86_64 1.0.6 22.00 183.00 205.00 OK
r-oldrel-macos-arm64 1.0.6 62.00 OK
r-oldrel-macos-x86_64 1.0.6 6.00 ERROR
r-oldrel-windows-ix86+x86_64 1.0.6 20.00 159.00 179.00 OK

Check Details

Version: 1.0.6
Check: Rd cross-references
Result: NOTE
    Undeclared package ‘Rraven’ in Rd xrefs
Flavor: r-devel-linux-x86_64-fedora-clang

Version: 1.0.6
Check: package dependencies
Result: ERROR
    Package required and available but unsuitable version: ‘warbleR’
    
    See section ‘The DESCRIPTION file’ in the ‘Writing R Extensions’
    manual.
Flavor: r-oldrel-macos-x86_64