Last updated on 2023-03-25 07:59:27 CET.
Flavor | Version | Tinstall | Tcheck | Ttotal | Status | Flags |
---|---|---|---|---|---|---|
r-devel-linux-x86_64-debian-clang | 3.1.0 | 13.00 | 86.94 | 99.94 | OK | |
r-devel-linux-x86_64-debian-gcc | 3.1.0 | 11.29 | 64.27 | 75.56 | OK | |
r-devel-linux-x86_64-fedora-clang | 3.1.0 | 125.85 | OK | |||
r-devel-linux-x86_64-fedora-gcc | 3.1.0 | 124.95 | OK | |||
r-devel-windows-x86_64 | 3.1.0 | 42.00 | 122.00 | 164.00 | OK | |
r-patched-linux-x86_64 | 3.1.0 | 13.32 | 79.35 | 92.67 | OK | |
r-release-linux-x86_64 | 3.1.0 | 10.40 | 80.93 | 91.33 | OK | |
r-release-macos-arm64 | 3.1.0 | 36.00 | OK | |||
r-release-macos-x86_64 | 3.1.0 | 50.00 | OK | |||
r-release-windows-x86_64 | 3.1.0 | 34.00 | 112.00 | 146.00 | OK | |
r-oldrel-macos-arm64 | 3.1.0 | 28.00 | OK | |||
r-oldrel-macos-x86_64 | 3.1.0 | 51.00 | OK | |||
r-oldrel-windows-ix86+x86_64 | 3.1.0 | 26.00 | 231.00 | 257.00 | NOTE |
Version: 3.1.0
Check: dependencies in R code
Result: NOTE
Initiating curl with CURL_SSL_BACKEND: openssl
Flavor: r-oldrel-windows-ix86+x86_64