CRAN Package Check Results for Package autoshiny

Last updated on 2022-12-05 07:53:35 CET.

Flavor Version Tinstall Tcheck Ttotal Status Flags
r-devel-linux-x86_64-debian-clang 0.0.2 4.43 41.28 45.71 NOTE
r-devel-linux-x86_64-debian-gcc 0.0.2 3.71 32.64 36.35 NOTE
r-devel-linux-x86_64-fedora-clang 0.0.2 66.96 NOTE
r-devel-linux-x86_64-fedora-gcc 0.0.2 64.22 NOTE
r-devel-windows-x86_64 0.0.2 19.00 73.00 92.00 NOTE
r-patched-linux-x86_64 0.0.2 4.32 39.70 44.02 NOTE
r-release-linux-x86_64 0.0.2 3.89 39.58 43.47 NOTE
r-release-macos-arm64 0.0.2 21.00 NOTE
r-release-macos-x86_64 0.0.2 31.00 NOTE
r-release-windows-x86_64 0.0.2 8.00 78.00 86.00 NOTE
r-oldrel-macos-arm64 0.0.2 28.00 NOTE
r-oldrel-macos-x86_64 0.0.2 34.00 NOTE
r-oldrel-windows-ix86+x86_64 0.0.2 11.00 70.00 81.00 NOTE

Check Details

Version: 0.0.2
Check: LazyData
Result: NOTE
     'LazyData' is specified without a 'data' directory
Flavors: r-devel-linux-x86_64-debian-clang, r-devel-linux-x86_64-debian-gcc, r-devel-linux-x86_64-fedora-clang, r-devel-linux-x86_64-fedora-gcc, r-devel-windows-x86_64, r-patched-linux-x86_64, r-release-linux-x86_64, r-release-macos-arm64, r-release-macos-x86_64, r-release-windows-x86_64, r-oldrel-macos-arm64, r-oldrel-macos-x86_64, r-oldrel-windows-ix86+x86_64