CRAN Package Check Results for Package ash

Last updated on 2022-12-07 19:52:55 CET.

Flavor Version Tinstall Tcheck Ttotal Status Flags
r-devel-linux-x86_64-debian-clang 1.0-15 2.56 22.35 24.91 OK
r-devel-linux-x86_64-debian-gcc 1.0-15 2.28 17.22 19.50 OK
r-devel-linux-x86_64-fedora-clang 1.0-15 42.96 NOTE
r-devel-linux-x86_64-fedora-gcc 1.0-15 40.26 NOTE
r-devel-windows-x86_64 1.0-15 12.00 47.00 59.00 OK
r-patched-linux-x86_64 1.0-15 2.40 20.90 23.30 OK
r-release-linux-x86_64 1.0-15 2.39 21.05 23.44 OK
r-release-macos-arm64 1.0-15 18.00 OK
r-release-macos-x86_64 1.0-15 22.00 OK
r-release-windows-x86_64 1.0-15 7.00 43.00 50.00 OK
r-oldrel-macos-arm64 1.0-15 21.00 OK
r-oldrel-macos-x86_64 1.0-15 28.00 OK
r-oldrel-windows-ix86+x86_64 1.0-15 9.00 38.00 47.00 OK

Check Details

Version: 1.0-15
Check: compiled code
Result: NOTE
    File ‘ash/libs/ash.so’:
     Found no calls to: ‘R_registerRoutines’, ‘R_useDynamicSymbols’
    
    It is good practice to register native routines and to disable symbol
    search.
    
    See ‘Writing portable packages’ in the ‘Writing R Extensions’ manual.
Flavors: r-devel-linux-x86_64-fedora-clang, r-devel-linux-x86_64-fedora-gcc