CRAN Package Check Results for Package arulesCBA

Last updated on 2024-02-23 07:52:02 CET.

Flavor Version Tinstall Tcheck Ttotal Status Flags
r-devel-linux-x86_64-debian-clang 1.2.5 OK
r-devel-linux-x86_64-debian-gcc 1.2.5 9.64 97.81 107.45 OK
r-devel-linux-x86_64-fedora-clang 1.2.5 171.48 OK
r-devel-linux-x86_64-fedora-gcc 1.2.5 183.22 OK
r-devel-windows-x86_64 1.2.5 13.00 111.00 124.00 OK
r-patched-linux-x86_64 1.2.5 12.84 129.62 142.46 OK
r-release-linux-x86_64 1.2.5 10.53 129.81 140.34 OK
r-release-macos-arm64 1.2.5 66.00 OK
r-release-macos-x86_64 1.2.5 101.00 NOTE
r-release-windows-x86_64 1.2.5 16.00 136.00 152.00 OK
r-oldrel-macos-arm64 1.2.5 72.00 OK
r-oldrel-windows-x86_64 1.2.5 15.00 136.00 151.00 OK

Check Details

Version: 1.2.5
Check: package dependencies
Result: NOTE Packages suggested but not available for checking: 'rJava', 'RWeka' Flavor: r-release-macos-x86_64

Version: 1.2.5
Check: Rd cross-references
Result: NOTE Package unavailable to check Rd xrefs: ‘RWeka’ Flavor: r-release-macos-x86_64