CRAN Package Check Results for Package ari

Last updated on 2022-12-03 07:56:30 CET.

Flavor Version Tinstall Tcheck Ttotal Status Flags
r-devel-linux-x86_64-debian-clang 0.3.5 6.18 60.77 66.95 NOTE
r-devel-linux-x86_64-debian-gcc 0.3.5 5.54 46.82 52.36 NOTE
r-devel-linux-x86_64-fedora-clang 0.3.5 92.69 NOTE
r-devel-linux-x86_64-fedora-gcc 0.3.5 90.63 NOTE
r-devel-windows-x86_64 0.3.5 24.00 94.00 118.00 NOTE
r-patched-linux-x86_64 0.3.5 5.65 58.40 64.05 NOTE
r-release-linux-x86_64 0.3.5 6.68 58.39 65.07 NOTE
r-release-macos-arm64 0.3.5 28.00 NOTE
r-release-macos-x86_64 0.3.5 43.00 NOTE
r-release-windows-x86_64 0.3.5 30.00 95.00 125.00 NOTE
r-oldrel-macos-arm64 0.3.5 33.00 NOTE
r-oldrel-macos-x86_64 0.3.5 39.00 NOTE
r-oldrel-windows-ix86+x86_64 0.3.5 16.00 94.00 110.00 NOTE

Check Details

Version: 0.3.5
Check: LazyData
Result: NOTE
     'LazyData' is specified without a 'data' directory
Flavors: r-devel-linux-x86_64-debian-clang, r-devel-linux-x86_64-debian-gcc, r-devel-linux-x86_64-fedora-clang, r-devel-linux-x86_64-fedora-gcc, r-devel-windows-x86_64, r-patched-linux-x86_64, r-release-linux-x86_64, r-release-macos-arm64, r-release-macos-x86_64, r-release-windows-x86_64, r-oldrel-macos-arm64, r-oldrel-macos-x86_64, r-oldrel-windows-ix86+x86_64