Last updated on 2023-03-27 08:51:07 CEST.
Flavor | Version | Tinstall | Tcheck | Ttotal | Status | Flags |
---|---|---|---|---|---|---|
r-devel-linux-x86_64-debian-clang | 0.2.7 | 9.27 | 164.94 | 174.21 | OK | |
r-devel-linux-x86_64-debian-gcc | 0.2.7 | 6.69 | 121.99 | 128.68 | OK | |
r-devel-linux-x86_64-fedora-clang | 0.2.7 | 213.15 | NOTE | |||
r-devel-windows-x86_64 | 0.2.7 | 13.00 | 241.00 | 254.00 | OK | |
r-patched-linux-x86_64 | 0.2.7 | 7.85 | 154.38 | 162.23 | OK | |
r-release-linux-x86_64 | 0.2.7 | 9.80 | 160.15 | 169.95 | OK | |
r-release-macos-arm64 | 0.2.7 | 89.00 | NOTE | |||
r-release-macos-x86_64 | 0.2.7 | 109.00 | NOTE | |||
r-release-windows-x86_64 | 0.2.7 | 58.00 | 232.00 | 290.00 | OK | |
r-oldrel-macos-arm64 | 0.2.7 | 79.00 | NOTE | |||
r-oldrel-macos-x86_64 | 0.2.7 | 118.00 | NOTE | |||
r-oldrel-windows-ix86+x86_64 | 0.2.7 | 21.00 | 204.00 | 225.00 | OK |
Version: 0.2.7
Check: dependencies in R code
Result: NOTE
Namespaces in Imports field not imported from:
‘DT’ ‘bslib’ ‘methods’ ‘rgdal’
All declared Imports should be used.
Flavors: r-devel-linux-x86_64-fedora-clang, r-release-macos-arm64, r-release-macos-x86_64, r-oldrel-macos-arm64, r-oldrel-macos-x86_64