Last updated on 2023-02-04 19:58:00 CET.
Flavor | Version | Tinstall | Tcheck | Ttotal | Status | Flags |
---|---|---|---|---|---|---|
r-devel-linux-x86_64-debian-clang | 2.3.6 | 9.48 | 93.24 | 102.72 | OK | |
r-devel-linux-x86_64-debian-gcc | 2.3.6 | 8.55 | 70.85 | 79.40 | OK | |
r-devel-linux-x86_64-fedora-clang | 2.3.6 | 130.16 | NOTE | |||
r-devel-linux-x86_64-fedora-gcc | 2.3.6 | 136.13 | OK | |||
r-devel-windows-x86_64 | 2.3.6 | 115.00 | 158.00 | 273.00 | OK | |
r-patched-linux-x86_64 | 2.3.6 | 12.77 | 88.01 | 100.78 | OK | |
r-release-linux-x86_64 | 2.3.6 | 9.36 | 83.98 | 93.34 | OK | |
r-release-macos-arm64 | 2.3.6 | 38.00 | OK | |||
r-release-macos-x86_64 | 2.3.6 | 53.00 | OK | |||
r-release-windows-x86_64 | 2.3.6 | 74.00 | 163.00 | 237.00 | OK | |
r-oldrel-macos-arm64 | 2.3.6 | 43.00 | OK | |||
r-oldrel-macos-x86_64 | 2.3.6 | 53.00 | OK | |||
r-oldrel-windows-ix86+x86_64 | 2.3.6 | 21.00 | 134.00 | 155.00 | OK |
Version: 2.3.6
Check: Rd cross-references
Result: NOTE
Undeclared package ‘rmarkdown’ in Rd xrefs
Flavor: r-devel-linux-x86_64-fedora-clang